{"id":1558,"date":"2021-08-16T15:04:22","date_gmt":"2021-08-16T15:04:22","guid":{"rendered":"https:\/\/www.intecap.edu.gt\/centros\/vnreformadores\/?page_id=1558"},"modified":"2025-08-22T14:25:08","modified_gmt":"2025-08-22T14:25:08","slug":"quienessomos","status":"publish","type":"page","link":"https:\/\/www.intecap.edu.gt\/centros\/vnreformadores\/quienessomos\/","title":{"rendered":"Quienes Somos"},"content":{"rendered":"<p>[et_pb_section fb_built=&#8221;1&#8243; _builder_version=&#8221;4.16&#8243; _module_preset=&#8221;default&#8221; custom_padding=&#8221;37px||24px|||&#8221; global_colors_info=&#8221;{}&#8221;][et_pb_row _builder_version=&#8221;4.16&#8243; _module_preset=&#8221;default&#8221; global_colors_info=&#8221;{}&#8221;][et_pb_column type=&#8221;4_4&#8243; _builder_version=&#8221;4.16&#8243; _module_preset=&#8221;default&#8221; global_colors_info=&#8221;{}&#8221;][et_pb_text _builder_version=&#8221;4.16&#8243; _module_preset=&#8221;default&#8221; text_font_size=&#8221;17px&#8221; header_3_text_color=&#8221;#474747&#8243; global_colors_info=&#8221;{}&#8221;]<\/p>\n<p style=\"text-align: justify;\">INTECAP Villa Nueva se encuentra sobre un \u00e1rea de dos manzanas, siendo un reto para el dise\u00f1o arquitect\u00f3nico con talleres de grandes dimensiones para albergar el equipo y el desarrollo de las especialidades. Cuenta con un edificio de 5 niveles para todas las actividades pasivas, y tres naves para los principales talleres; as\u00ed mismo posee dos s\u00f3tanos para el \u00e1rea de estacionamientos, un \u00e1rea deportiva y de recreaci\u00f3n, \u00e1reas de restaurante y \u00e1reas de estar para los participantes.<\/p>\n<p>[\/et_pb_text][et_pb_image src=&#8221;https:\/\/www.intecap.edu.gt\/centros\/vnreformadores\/wp-content\/uploads\/sites\/43\/2021\/08\/Intecap-Villa-Nueva.jpg&#8221; title_text=&#8221;Intecap-Villa-Nueva&#8221; align=&#8221;center&#8221; _builder_version=&#8221;4.16&#8243; _module_preset=&#8221;default&#8221; global_colors_info=&#8221;{}&#8221;][\/et_pb_image][et_pb_image src=&#8221;https:\/\/www.intecap.edu.gt\/centros\/vnreformadores\/wp-content\/uploads\/sites\/43\/2021\/08\/Intecap-Villa-Nueva-7.jpg&#8221; title_text=&#8221;Intecap-Villa-Nueva-7&#8243; align=&#8221;center&#8221; _builder_version=&#8221;4.16&#8243; _module_preset=&#8221;default&#8221; global_colors_info=&#8221;{}&#8221;][\/et_pb_image][et_pb_text _builder_version=&#8221;4.16&#8243; _module_preset=&#8221;default&#8221; text_font_size=&#8221;17px&#8221; header_3_text_color=&#8221;#474747&#8243; global_colors_info=&#8221;{}&#8221;]<\/p>\n<p style=\"text-align: justify;\">El concepto arquitect\u00f3nico refleja una arquitectura limpia, utilizando materiales expuestos como el metal, concreto y vidrio. Arquitectura transparente con estructuras descubiertas, reflejando una imagen institucional pero innovadora. <\/p>\n<p>[\/et_pb_text][et_pb_image src=&#8221;https:\/\/www.intecap.edu.gt\/centros\/vnreformadores\/wp-content\/uploads\/sites\/43\/2021\/08\/Intecap-Villa-Nueva-6.jpg&#8221; title_text=&#8221;Intecap-Villa-Nueva-6&#8243; align=&#8221;center&#8221; _builder_version=&#8221;4.16&#8243; _module_preset=&#8221;default&#8221; global_colors_info=&#8221;{}&#8221;][\/et_pb_image][et_pb_text _builder_version=&#8221;4.16&#8243; _module_preset=&#8221;default&#8221; text_font_size=&#8221;17px&#8221; header_3_text_color=&#8221;#474747&#8243; global_colors_info=&#8221;{}&#8221;]<\/p>\n<p style=\"text-align: justify;\">El concepto minimalista de estos edificios se ve representado en formas sencillas, utilizando de una mejor manera las texturas y colores neutros y monocrom\u00e1ticos. Vol\u00famenes limpios y espacios abiertos con geometr\u00edas rectas que representan los valores institucionales de INTECAP, en los cubos de vidrio se reflejan los colores azul, verde y amarillo que representan los tres sectores de la actividad econ\u00f3mica del pa\u00eds.<\/p>\n<p>[\/et_pb_text][\/et_pb_column][\/et_pb_row][\/et_pb_section][et_pb_section fb_built=&#8221;1&#8243; _builder_version=&#8221;4.16&#8243; _module_preset=&#8221;default&#8221; custom_padding=&#8221;16px||24px|||&#8221; global_colors_info=&#8221;{}&#8221;][et_pb_row _builder_version=&#8221;4.16&#8243; _module_preset=&#8221;default&#8221; global_colors_info=&#8221;{}&#8221;][et_pb_column type=&#8221;4_4&#8243; _builder_version=&#8221;4.16&#8243; _module_preset=&#8221;default&#8221; global_colors_info=&#8221;{}&#8221;][et_pb_text _builder_version=&#8221;4.27.4&#8243; text_font=&#8221;||||||||&#8221; text_font_size=&#8221;16px&#8221; text_line_height=&#8221;1.8em&#8221; header_font=&#8221;||||||||&#8221; header_2_font=&#8221;Poppins||||||||&#8221; header_2_font_size=&#8221;28px&#8221; header_2_line_height=&#8221;1.4em&#8221; header_3_font=&#8221;||||||||&#8221; text_orientation=&#8221;center&#8221; max_width=&#8221;700px&#8221; module_alignment=&#8221;center&#8221; custom_margin=&#8221;||-1px|||&#8221; hover_enabled=&#8221;0&#8243; global_colors_info=&#8221;{}&#8221; sticky_enabled=&#8221;0&#8243;]<\/p>\n<h1>\u00c1REAS DEL CENTRO<\/h1>\n<p>&nbsp;<\/p>\n<p>[\/et_pb_text][et_pb_text _builder_version=&#8221;4.16&#8243; _module_preset=&#8221;default&#8221; text_font_size=&#8221;17px&#8221; header_3_text_color=&#8221;#474747&#8243; global_colors_info=&#8221;{}&#8221;]<\/p>\n<h3 style=\"text-align: justify;\"><strong>NIVEL 1:<\/strong><\/h3>\n<p style=\"text-align: justify;\">Lobby y taller de refrigeraci\u00f3n y electricidad dom\u00e9stica y comercial, Aire acondicionado, \u00e1rea de instructores, bodega, Laboratorio de aire acondicionado, Laboratorio de refrigeraci\u00f3n, Aula virtual y\u00a0Servicios Sanitarios.<\/p>\n<h3 style=\"text-align: justify;\"><strong>NIVEL 2:<\/strong><\/h3>\n<p style=\"text-align: justify;\">Dos Aulas Magnas para 100 personas, Mezzanine, taller de Soldadura Industrial (Laboratorio de ensayos destructivos, Laboratorio de ensayos no destructivos y Laboratorio de simulaci\u00f3n de soldadura).<\/p>\n<h3 style=\"text-align: justify;\"><strong>NIVEL 3:<\/strong><\/h3>\n<p style=\"text-align: justify;\">\u00c1rea de laboratorios de Alta Tecnolog\u00eda, \u00e1rea de Practicas de energ\u00eda renovable, Laboratorio de energ\u00edas renovables, Laboratorio de m\u00e1quinas el\u00e9ctricas, Laboratorio de control de procesos y automatizaci\u00f3n industrial, \u00e1rea de instructores, laboratorio de rob\u00f3tica, Laboratorio de instrumentaci\u00f3n, laboratorio de electr\u00f3nica industrial, bodegas.<\/p>\n<h3 style=\"text-align: justify;\"><strong>NIVEL 4: <\/strong><\/h3>\n<p style=\"text-align: justify;\">Laboratorios de computaci\u00f3n y aulas te\u00f3ricas.<\/p>\n<h3 style=\"text-align: justify;\"><strong>NIVEL 5: <\/strong><\/h3>\n<p style=\"text-align: justify;\">Aulas te\u00f3ricas y Oficinas Administrativas. FABLAB y \u00e1reas para la Innovaci\u00f3n.<\/p>\n<p>[\/et_pb_text][\/et_pb_column][\/et_pb_row][\/et_pb_section][et_pb_section fb_built=&#8221;1&#8243; _builder_version=&#8221;4.16&#8243; _module_preset=&#8221;default&#8221; custom_padding=&#8221;16px||24px|||&#8221; global_colors_info=&#8221;{}&#8221;][et_pb_row _builder_version=&#8221;4.16&#8243; _module_preset=&#8221;default&#8221; global_colors_info=&#8221;{}&#8221;][et_pb_column type=&#8221;4_4&#8243; _builder_version=&#8221;4.16&#8243; _module_preset=&#8221;default&#8221; global_colors_info=&#8221;{}&#8221;][et_pb_text _builder_version=&#8221;4.16&#8243; text_font=&#8221;||||||||&#8221; text_font_size=&#8221;16px&#8221; text_line_height=&#8221;1.8em&#8221; header_font=&#8221;||||||||&#8221; header_2_font=&#8221;Poppins||||||||&#8221; header_2_font_size=&#8221;28px&#8221; header_2_line_height=&#8221;1.4em&#8221; header_3_font=&#8221;||||||||&#8221; text_orientation=&#8221;center&#8221; max_width=&#8221;700px&#8221; module_alignment=&#8221;center&#8221; custom_margin=&#8221;||-1px|||&#8221; global_colors_info=&#8221;{}&#8221;]<\/p>\n<h1>TALLERES<\/h1>\n<p>&nbsp;<\/p>\n<p>[\/et_pb_text][et_pb_text _builder_version=&#8221;4.16&#8243; _module_preset=&#8221;default&#8221; text_font_size=&#8221;17px&#8221; header_2_text_color=&#8221;#331584&#8243; header_3_text_color=&#8221;#474747&#8243; global_colors_info=&#8221;{}&#8221;]<\/p>\n<h2 style=\"text-align: justify;\"><strong>TALLER DE MANTENIMIENTO INDUSTRIAL<\/strong><\/h2>\n<h3 style=\"text-align: justify;\"><strong>NIVEL 1:<\/strong><\/h3>\n<p style=\"text-align: justify;\">\u00c1rea de plantas t\u00e9rmicas, tratamiento t\u00e9rmico, maquinado CNC, Rectificado de motores, Maquinado convencional, Laboratorio de estudio de materiales, Laboratorio CNC y dise\u00f1o Cad, Mediciones mec\u00e1nicas, bodega de materiales y herramientas, \u00e1rea de instructores.<\/p>\n<h3 style=\"text-align: justify;\"><strong>NIVEL 2:<\/strong><\/h3>\n<p style=\"text-align: justify;\">Mezzanine: Laboratorio de neum\u00e1tica, Laboratorio de mantenimiento mec\u00e1nico, laboratorio de oleo hidr\u00e1ulica, 3 aulas magistrales, aula de desarrollo de proyectos.<\/p>\n<p>&nbsp;<\/p>\n<h2><strong>TALLER DE SOLDADURA<\/strong><\/h2>\n<h3><strong>NIVEL 1:<\/strong><\/h3>\n<p>Taller de Soldadura Industrial (Proceso de Soldadura, Sal\u00f3n de instructores y bodegas de herramientas y materiales.<br \/> <strong><\/strong><\/p>\n<h3><strong>NIVEL 2:<\/strong><\/h3>\n<p>Mezzanine: Laboratorio de simulacion, aula virtual.<\/p>\n<p>&nbsp;<\/p>\n<h2><strong><span>TALLER DE MEC\u00c1NICA AUTOMOTR\u00cdZ<\/span><\/strong><\/h2>\n<h3 style=\"text-align: justify;\"><span><strong>NIVEL 1:<\/strong><\/span><\/h3>\n<p style=\"text-align: justify;\"><span>\u00c1rea de motocicletas, \u00e1rea de mec\u00e1nica automotriz, Frenos ABS y transmisiones, Inyecci\u00f3n electr\u00f3nica, electricidad automotriz, estaci\u00f3n de consulta t\u00e9cnica, \u00e1rea de motores, Laboratorio de simulaci\u00f3n de conducci\u00f3n, Sal\u00f3n de instructores, Bodegas, materiales y herramientas, bodegas de equipos.<\/span><\/p>\n<h3 style=\"text-align: justify;\"><strong>NIVEL 2:<\/strong><\/h3>\n<p style=\"text-align: justify;\">Mezzanines: 2 aulas te\u00f3ricas, laboratorio de autotr\u00f3nica, aula virtual.<\/p>\n<h3 style=\"text-align: justify;\"><\/h3>\n<p>[\/et_pb_text][\/et_pb_column][\/et_pb_row][\/et_pb_section][et_pb_section fb_built=&#8221;1&#8243; _builder_version=&#8221;4.16&#8243; _module_preset=&#8221;default&#8221; custom_padding=&#8221;16px||24px|||&#8221; global_colors_info=&#8221;{}&#8221;][\/et_pb_section]<\/p>\n","protected":false},"excerpt":{"rendered":"<p>INTECAP Villa Nueva se encuentra sobre un \u00e1rea de dos&#8230;<\/p>\n","protected":false},"author":1,"featured_media":0,"parent":0,"menu_order":0,"comment_status":"closed","ping_status":"closed","template":"","meta":{"_et_pb_use_builder":"on","_et_pb_old_content":"","_et_gb_content_width":"","_monsterinsights_skip_tracking":false,"_monsterinsights_sitenote_active":false,"_monsterinsights_sitenote_note":"","_monsterinsights_sitenote_category":0,"footnotes":""},"class_list":["post-1558","page","type-page","status-publish","hentry"],"_links":{"self":[{"href":"https:\/\/www.intecap.edu.gt\/centros\/vnreformadores\/wp-json\/wp\/v2\/pages\/1558","targetHints":{"allow":["GET"]}}],"collection":[{"href":"https:\/\/www.intecap.edu.gt\/centros\/vnreformadores\/wp-json\/wp\/v2\/pages"}],"about":[{"href":"https:\/\/www.intecap.edu.gt\/centros\/vnreformadores\/wp-json\/wp\/v2\/types\/page"}],"author":[{"embeddable":true,"href":"https:\/\/www.intecap.edu.gt\/centros\/vnreformadores\/wp-json\/wp\/v2\/users\/1"}],"replies":[{"embeddable":true,"href":"https:\/\/www.intecap.edu.gt\/centros\/vnreformadores\/wp-json\/wp\/v2\/comments?post=1558"}],"version-history":[{"count":4,"href":"https:\/\/www.intecap.edu.gt\/centros\/vnreformadores\/wp-json\/wp\/v2\/pages\/1558\/revisions"}],"predecessor-version":[{"id":1883,"href":"https:\/\/www.intecap.edu.gt\/centros\/vnreformadores\/wp-json\/wp\/v2\/pages\/1558\/revisions\/1883"}],"wp:attachment":[{"href":"https:\/\/www.intecap.edu.gt\/centros\/vnreformadores\/wp-json\/wp\/v2\/media?parent=1558"}],"curies":[{"name":"wp","href":"https:\/\/api.w.org\/{rel}","templated":true}]}}