{"id":913,"date":"2019-02-18T15:33:46","date_gmt":"2019-02-18T15:33:46","guid":{"rendered":"https:\/\/www.intecap.edu.gt\/centros\/delegacionelprogreso\/?page_id=913"},"modified":"2019-05-30T20:45:53","modified_gmt":"2019-05-30T20:45:53","slug":"que-te-ofrecemos","status":"publish","type":"page","link":"https:\/\/www.intecap.edu.gt\/centros\/delegacionelprogreso\/que-te-ofrecemos\/","title":{"rendered":"\u00bfQu\u00e9 te Ofrecemos?"},"content":{"rendered":"<p>[vc_row full_width=&#8221;stretch_row&#8221;][vc_column][vc_empty_space hide_on_mobile=&#8221;&#8221;][vc_custom_heading source=&#8221;post_title&#8221; font_container=&#8221;tag:h1|text_align:left&#8221; use_theme_fonts=&#8221;yes&#8221;][\/vc_column][\/vc_row][vc_row full_width=&#8221;stretch_row&#8221;][vc_column][vc_tta_tour color=&#8221;green&#8221; active_section=&#8221;1&#8243; no_fill_content_area=&#8221;true&#8221; css=&#8221;.vc_custom_1552492455418{background-position: center !important;background-repeat: no-repeat !important;background-size: cover !important;border-radius: 10px !important;}&#8221;][vc_tta_section title=&#8221;CURSOS ESPECIALIZADOS&#8221; tab_id=&#8221;1551731425075-0456c618-6548&#8243;][vc_custom_heading text=&#8221;CURSOS ESPECIALIZADOS&#8221; use_theme_fonts=&#8221;yes&#8221;][vc_column_text]<\/p>\n<ul>\n<li><big>Arreglos con globos<\/big><\/li>\n<li><big>Bordado en list\u00f3n B\u00e1sico y avanzado<\/big><\/li>\n<li><big>Candy bar<\/big><\/li>\n<li><big>Cocina navide\u00f1a<\/big><\/li>\n<li><big>Cocina variada<\/big><\/li>\n<li><big>Corte y confecci\u00f3n de blusa b\u00e1sica, escolar y otros dise\u00f1os<\/big><\/li>\n<li><big>Corte y confecci\u00f3n de falda b\u00e1sica, de paletones y cuchillas<\/big><\/li>\n<li><big>Corte y confecci\u00f3n de pijamas para bebe<\/big><\/li>\n<li><big>Corte y confecci\u00f3n de saco tipo sastre para dama<\/big><\/li>\n<li><big>Corte y confecci\u00f3n de short y pantal\u00f3n para dama<\/big><\/li>\n<li><big>Corte y confecci\u00f3n de vestidos b\u00e1sicos, para ni\u00f1a, fiesta y novia<\/big><\/li>\n<li><big>Cortes b\u00e1sicos para dama y caballero<\/big><\/li>\n<li><big>Cultivos hidrop\u00f3nicos<\/big><\/li>\n<li><big>Decoraci\u00f3n de u\u00f1as acr\u00edlicas en 3D<\/big><\/li>\n<li><big>Dulces t\u00edpicos<\/big><\/li>\n<li><big>Elaboraci\u00f3n de arreglos florales<\/big><\/li>\n<li><big>Elaboraci\u00f3n de cupcakes<\/big><\/li>\n<li><big>Elaboraci\u00f3n de pies<\/big><\/li>\n<li><big>Elaboraci\u00f3n de trenzas en el cabello<\/big><\/li>\n<li><big>Elaboraci\u00f3n y dise\u00f1o de balcones y puertas de metal<\/big><\/li>\n<li><big>Embutidos artesanales<\/big><\/li>\n<li><big>Envasado de frutas y verduras<\/big><\/li>\n<li><big>Garnish<\/big><\/li>\n<li><big>Gastronom\u00eda guatemalteca, italiana, francesa, china, mexicana<\/big><\/li>\n<li><big>Hechura de blancos cubrecama enguatada y edred\u00f3n<\/big><\/li>\n<li><big>Hechura de blancos proyecto para cocina, ba\u00f1o y cama<\/big><\/li>\n<li><big>Internet, Outlook y redes sociales<\/big><\/li>\n<li><big>Manicura y pedicura<\/big><\/li>\n<li><big>Mantenimiento de computadoras<\/big><\/li>\n<li><big>Mermeladas, jaleas y salsas<\/big><\/li>\n<li><big>Pi\u00f1ater\u00eda<\/big><\/li>\n<li><big>Platillos t\u00edpicos<\/big><\/li>\n<li><big>Reparaci\u00f3n de computadoras<\/big><\/li>\n<li><big>Reposter\u00eda y panader\u00eda b\u00e1sica<\/big><\/li>\n<li><big>Rizado de pesta\u00f1as y planchado de cejas<\/big><\/li>\n<li><big>Soldadura b\u00e1sica<\/big><\/li>\n<li><big>T\u00e9cnica de planchado y cepillado de cabello<\/big><\/li>\n<li><big>T\u00e9cnicas de peinados y dise\u00f1o de peinados\u00a0<\/big><\/li>\n<li><big>Tratamientos faciales<\/big><\/li>\n<li><big>U\u00f1as acr\u00edlicas<\/big><\/li>\n<li><big>U\u00f1as acr\u00edlicas con t\u00e9cnica polish, porcelana y tinta china<\/big><\/li>\n<li><big>U\u00f1as esculturales<\/big><\/li>\n<li><big>Word y Excel b\u00e1sico, intermedio y avanzado<\/big><\/li>\n<\/ul>\n<p><strong><big>INVERSION:<\/big><\/strong><br \/>\n<big>Cursos cortos de hasta 40 horas CUOTA UNICA Q.100.00<\/big><\/p>\n<p><strong><big>Todos los cursos inician al completar el cupo m\u00ednimo de 15 participantes.<\/big><\/strong><br \/>\n<big>La inversi\u00f3n no incluye materiales.<\/big><\/p>\n<p>[\/vc_column_text][\/vc_tta_section][vc_tta_section title=&#8221;SEMINARIOS&#8221; tab_id=&#8221;1555092097807-e94bb3c4-1fc8&#8243;][vc_custom_heading text=&#8221;SEMINARIOS&#8221; use_theme_fonts=&#8221;yes&#8221;][vc_column_text]<\/p>\n<ul>\n<li><big>Atenci\u00f3n y Servicio al Cliente<\/big><\/li>\n<li><big>Coaching<\/big><\/li>\n<li><big>Comunicaci\u00f3n y Manejo de conflictos<\/big><\/li>\n<li><big>Evaluaci\u00f3n del desempe\u00f1o<\/big><\/li>\n<li><big>Inteligencia emocional<\/big><\/li>\n<li><big>Liderazgo<\/big><\/li>\n<li><big>Motivaci\u00f3n y Compromiso Empresarial<\/big><\/li>\n<li><big>Relaciones interpersonales<\/big><\/li>\n<li><big>Seguridad industrial<\/big><\/li>\n<li><big>Toma de decisiones<\/big><\/li>\n<li><big>Trabajo en equipo<\/big><\/li>\n<\/ul>\n<p><strong><big>INVERSI\u00d3N:<\/big><\/strong><br \/>\n<big>Seminarios de hasta 5 horas\u00a0 &#8211; CUOTA \u00daNICA Q50.00 por participante<\/big><br \/>\n<big>Seminarios de hasta 10 horas &#8211; CUOTA \u00daNICA Q80.00 por participante<\/big><br \/>\n<big>Seminarios de hasta 15 horas &#8211; CUOTA \u00daNICA Q100.00 por participante<\/big><\/p>\n<p><big>Todos los seminarios inician al completar el cupo m\u00ednimo de 15 participantes.<\/big>[\/vc_column_text][\/vc_tta_section][\/vc_tta_tour][vc_btn title=&#8221;\u00a1Inf\u00f3rmate de nuestros cursos programados!&#8221; style=&#8221;3d&#8221; color=&#8221;danger&#8221; size=&#8221;lg&#8221; align=&#8221;center&#8221; css_animation=&#8221;bounceInDown&#8221; button_block=&#8221;true&#8221; link=&#8221;url:https%3A%2F%2Fwww.intecap.edu.gt%2Fcentros%2Fdelegacionelprogreso%2Fcursosprogramados%2F|title:Cursos%20Programados%20INTECAP%20Villa%20Nueva||&#8221;][vc_single_image image=&#8221;873&#8243; img_size=&#8221;full&#8221;][\/vc_column][\/vc_row][vc_row][vc_column][\/vc_column][\/vc_row]<\/p>\n","protected":false},"excerpt":{"rendered":"<p>[vc_row full_width=&#8221;stretch_row&#8221;][vc_column][vc_empty_space hide_on_mobile=&#8221;&#8221;][vc_custom_heading source=&#8221;post_title&#8221; font_container=&#8221;tag:h1|text_align:left&#8221; use_theme_fonts=&#8221;yes&#8221;][\/vc_column][\/vc_row][vc_row full_width=&#8221;stretch_row&#8221;][vc_column][vc_tta_tour color=&#8221;green&#8221; active_section=&#8221;1&#8243; no_fill_content_area=&#8221;true&#8221; css=&#8221;.vc_custom_1552492455418{background-position: center !important;background-repeat: no-repeat !important;background-size: cover !important;border-radius: 10px !important;}&#8221;][vc_tta_section title=&#8221;CURSOS ESPECIALIZADOS&#8221; tab_id=&#8221;1551731425075-0456c618-6548&#8243;][vc_custom_heading text=&#8221;CURSOS ESPECIALIZADOS&#8221; use_theme_fonts=&#8221;yes&#8221;][vc_column_text] Arreglos con globos Bordado en list\u00f3n B\u00e1sico y avanzado Candy bar Cocina navide\u00f1a Cocina variada Corte y confecci\u00f3n de blusa b\u00e1sica, escolar y otros dise\u00f1os Corte y confecci\u00f3n de falda b\u00e1sica, de paletones y cuchillas&hellip;<\/p>\n","protected":false},"author":1,"featured_media":0,"parent":0,"menu_order":0,"comment_status":"closed","ping_status":"closed","template":"","meta":{"_et_pb_use_builder":"","_et_pb_old_content":"","_et_gb_content_width":"","_monsterinsights_skip_tracking":false,"_monsterinsights_sitenote_active":false,"_monsterinsights_sitenote_note":"","_monsterinsights_sitenote_category":0,"footnotes":""},"class_list":["post-913","page","type-page","status-publish","hentry"],"_links":{"self":[{"href":"https:\/\/www.intecap.edu.gt\/centros\/delegacionelprogreso\/wp-json\/wp\/v2\/pages\/913","targetHints":{"allow":["GET"]}}],"collection":[{"href":"https:\/\/www.intecap.edu.gt\/centros\/delegacionelprogreso\/wp-json\/wp\/v2\/pages"}],"about":[{"href":"https:\/\/www.intecap.edu.gt\/centros\/delegacionelprogreso\/wp-json\/wp\/v2\/types\/page"}],"author":[{"embeddable":true,"href":"https:\/\/www.intecap.edu.gt\/centros\/delegacionelprogreso\/wp-json\/wp\/v2\/users\/1"}],"replies":[{"embeddable":true,"href":"https:\/\/www.intecap.edu.gt\/centros\/delegacionelprogreso\/wp-json\/wp\/v2\/comments?post=913"}],"version-history":[{"count":70,"href":"https:\/\/www.intecap.edu.gt\/centros\/delegacionelprogreso\/wp-json\/wp\/v2\/pages\/913\/revisions"}],"predecessor-version":[{"id":1151,"href":"https:\/\/www.intecap.edu.gt\/centros\/delegacionelprogreso\/wp-json\/wp\/v2\/pages\/913\/revisions\/1151"}],"wp:attachment":[{"href":"https:\/\/www.intecap.edu.gt\/centros\/delegacionelprogreso\/wp-json\/wp\/v2\/media?parent=913"}],"curies":[{"name":"wp","href":"https:\/\/api.w.org\/{rel}","templated":true}]}}