{"id":836,"date":"2019-02-13T18:14:04","date_gmt":"2019-02-13T18:14:04","guid":{"rendered":"https:\/\/www.intecap.edu.gt\/centros\/delegacionelprogreso\/?page_id=836"},"modified":"2025-09-03T15:33:41","modified_gmt":"2025-09-03T15:33:41","slug":"quienessomos","status":"publish","type":"page","link":"https:\/\/www.intecap.edu.gt\/centros\/delegacionelprogreso\/quienessomos\/","title":{"rendered":"Quienes Somos"},"content":{"rendered":"<p>[vc_row][vc_column width=&#8221;1\/2&#8243;][vc_empty_space hide_on_mobile=&#8221;&#8221;][vc_images_carousel images=&#8221;1840,1841,1144,1143,1127,1128,1126&#8243; img_size=&#8221;full&#8221; onclick=&#8221;link_no&#8221; speed=&#8221;4000&#8243; autoplay=&#8221;yes&#8221; wrap=&#8221;yes&#8221;][\/vc_column][vc_column width=&#8221;1\/2&#8243;][vc_empty_space hide_on_mobile=&#8221;&#8221;][vc_custom_heading source=&#8221;post_title&#8221; use_theme_fonts=&#8221;yes&#8221;][vc_empty_space hide_on_mobile=&#8221;&#8221;][vc_column_text]<\/p>\n<p style=\"text-align: justify;\"><big>La Delegaci\u00f3n de El Progreso, Guastatoya, fue fundada en 1992 con el objetivo de atender a los habitantes y empresas del Departamento, esto con el fin de desarrollar mano de obra calificada para las empresas.<\/big><\/p>\n<p style=\"text-align: justify;\"><big>Estamos al servicio de toda aquella persona o empresa que necesite nuestros servicios de capacitaci\u00f3n o asistencia t\u00e9cnica. Para iniciar una relaci\u00f3n de atenci\u00f3n a empresas, es necesario que presenten una solicitud por escrito indicando la necesidad que tengan o bien inscribirse en los eventos de capacitaci\u00f3n abiertos que la delegaci\u00f3n programa.<\/big><\/p>\n<p style=\"text-align: justify;\"><big>La afluencia de participantes es de los ocho municipios del departamento de El Progreso <\/big><br \/>\n<big>\u2022 Moraz\u00e1n<\/big><br \/>\n<big>\u2022 San Agust\u00edn Acasaguastl\u00e1n<\/big><br \/>\n<big>\u2022 San Crist\u00f3bal Acasaguastl\u00e1n<\/big><br \/>\n<big>\u2022 El J\u00edcaro<\/big><br \/>\n<big>\u2022 San Antonio La Paz<\/big><br \/>\n<big>\u2022 Guastatoya<\/big><br \/>\n<big>\u2022 Sanarate<\/big><br \/>\n<big>\u2022 Sansare<\/big><\/p>\n<p style=\"text-align: justify;\"><big>As\u00ed como de algunos municipios aleda\u00f1os de otros departamentos (Zacapa, Baja Verapaz y Guatemala).<\/big><\/p>\n<h3><big><strong>Horario de Atenci\u00f3n<\/strong><\/big><\/h3>\n<p><big><strong>\u00c1rea Administrativa:<\/strong>\u00a0 De lunes a viernes de 08:00 a 16:00 horas.<\/big>[\/vc_column_text][\/vc_column][\/vc_row]<\/p>\n","protected":false},"excerpt":{"rendered":"<p>[vc_row][vc_column width=&#8221;1\/2&#8243;][vc_empty_space hide_on_mobile=&#8221;&#8221;][vc_images_carousel images=&#8221;1840,1841,1144,1143,1127,1128,1126&#8243; img_size=&#8221;full&#8221; onclick=&#8221;link_no&#8221; speed=&#8221;4000&#8243; autoplay=&#8221;yes&#8221; wrap=&#8221;yes&#8221;][\/vc_column][vc_column width=&#8221;1\/2&#8243;][vc_empty_space hide_on_mobile=&#8221;&#8221;][vc_custom_heading source=&#8221;post_title&#8221; use_theme_fonts=&#8221;yes&#8221;][vc_empty_space hide_on_mobile=&#8221;&#8221;][vc_column_text] La Delegaci\u00f3n de El Progreso, Guastatoya, fue fundada en 1992 con el objetivo de atender a los habitantes y empresas del Departamento, esto con el fin de desarrollar mano de obra calificada para las empresas. Estamos al servicio de toda aquella persona o empresa que necesite&hellip;<\/p>\n","protected":false},"author":1,"featured_media":0,"parent":0,"menu_order":0,"comment_status":"closed","ping_status":"closed","template":"","meta":{"_et_pb_use_builder":"","_et_pb_old_content":"","_et_gb_content_width":"","_monsterinsights_skip_tracking":false,"_monsterinsights_sitenote_active":false,"_monsterinsights_sitenote_note":"","_monsterinsights_sitenote_category":0,"footnotes":""},"class_list":["post-836","page","type-page","status-publish","hentry"],"_links":{"self":[{"href":"https:\/\/www.intecap.edu.gt\/centros\/delegacionelprogreso\/wp-json\/wp\/v2\/pages\/836","targetHints":{"allow":["GET"]}}],"collection":[{"href":"https:\/\/www.intecap.edu.gt\/centros\/delegacionelprogreso\/wp-json\/wp\/v2\/pages"}],"about":[{"href":"https:\/\/www.intecap.edu.gt\/centros\/delegacionelprogreso\/wp-json\/wp\/v2\/types\/page"}],"author":[{"embeddable":true,"href":"https:\/\/www.intecap.edu.gt\/centros\/delegacionelprogreso\/wp-json\/wp\/v2\/users\/1"}],"replies":[{"embeddable":true,"href":"https:\/\/www.intecap.edu.gt\/centros\/delegacionelprogreso\/wp-json\/wp\/v2\/comments?post=836"}],"version-history":[{"count":19,"href":"https:\/\/www.intecap.edu.gt\/centros\/delegacionelprogreso\/wp-json\/wp\/v2\/pages\/836\/revisions"}],"predecessor-version":[{"id":1873,"href":"https:\/\/www.intecap.edu.gt\/centros\/delegacionelprogreso\/wp-json\/wp\/v2\/pages\/836\/revisions\/1873"}],"wp:attachment":[{"href":"https:\/\/www.intecap.edu.gt\/centros\/delegacionelprogreso\/wp-json\/wp\/v2\/media?parent=836"}],"curies":[{"name":"wp","href":"https:\/\/api.w.org\/{rel}","templated":true}]}}

<p>[vc_row][vc_column width=&#8221;1/2&#8243;][vc_empty_space hide_on_mobile=&#8221;&#8221;][vc_images_carousel images=&#8221;1840,1841,1144,1143,1127,1128,1126&#8243; img_size=&#8221;full&#8221; onclick=&#8221;link_no&#8221; speed=&#8221;4000&#8243; autoplay=&#8221;yes&#8221; wrap=&#8221;yes&#8221;][/vc_column][vc_column width=&#8221;1/2&#8243;][vc_empty_space hide_on_mobile=&#8221;&#8221;][vc_custom_heading source=&#8221;post_title&#8221; use_theme_fonts=&#8221;yes&#8221;][vc_empty_space hide_on_mobile=&#8221;&#8221;][vc_column_text]</p>
<p style="text-align: justify;"><big>La Delegación de El Progreso, Guastatoya, fue fundada en 1992 con el objetivo de atender a los habitantes y empresas del Departamento, esto con el fin de desarrollar mano de obra calificada para las empresas.</big></p>
<p style="text-align: justify;"><big>Estamos al servicio de toda aquella persona o empresa que necesite nuestros servicios de capacitación o asistencia técnica. Para iniciar una relación de atención a empresas, es necesario que presenten una solicitud por escrito indicando la necesidad que tengan o bien inscribirse en los eventos de capacitación abiertos que la delegación programa.</big></p>
<p style="text-align: justify;"><big>La afluencia de participantes es de los ocho municipios del departamento de El Progreso </big><br />
<big>• Morazán</big><br />
<big>• San Agustín Acasaguastlán</big><br />
<big>• San Cristóbal Acasaguastlán</big><br />
<big>• El Jícaro</big><br />
<big>• San Antonio La Paz</big><br />
<big>• Guastatoya</big><br />
<big>• Sanarate</big><br />
<big>• Sansare</big></p>
<p style="text-align: justify;"><big>Así como de algunos municipios aledaños de otros departamentos (Zacapa, Baja Verapaz y Guatemala).</big></p>
<h3><big><strong>Horario de Atención</strong></big></h3>
<p><big><strong>Área Administrativa:</strong>  De lunes a viernes de 08:00 a 16:00 horas.</big>[/vc_column_text][/vc_column][/vc_row]</p>

<p>[vc_row][vc_column width=&#8221;1/2&#8243;][vc_empty_space hide_on_mobile=&#8221;&#8221;][vc_images_carousel images=&#8221;1840,1841,1144,1143,1127,1128,1126&#8243; img_size=&#8221;full&#8221; onclick=&#8221;link_no&#8221; speed=&#8221;4000&#8243; autoplay=&#8221;yes&#8221; wrap=&#8221;yes&#8221;][/vc_column][vc_column width=&#8221;1/2&#8243;][vc_empty_space hide_on_mobile=&#8221;&#8221;][vc_custom_heading source=&#8221;post_title&#8221; use_theme_fonts=&#8221;yes&#8221;][vc_empty_space hide_on_mobile=&#8221;&#8221;][vc_column_text] La Delegación de El Progreso, Guastatoya, fue fundada en 1992 con el objetivo de atender a los habitantes y empresas del Departamento, esto con el fin de desarrollar mano de obra calificada para las empresas. Estamos al servicio de toda aquella persona o empresa que necesite&hellip;</p>
