{"id":836,"date":"2019-02-13T18:14:04","date_gmt":"2019-02-13T18:14:04","guid":{"rendered":"https:\/\/www.intecap.edu.gt\/centros\/centrovillanueva\/?page_id=836"},"modified":"2019-03-12T21:53:58","modified_gmt":"2019-03-12T21:53:58","slug":"quienessomos","status":"publish","type":"page","link":"https:\/\/www.intecap.edu.gt\/centros\/centrovillanueva\/quienessomos\/","title":{"rendered":"Quienes Somos"},"content":{"rendered":"<p>[vc_row][vc_column width=&#8221;1\/2&#8243;][vc_empty_space hide_on_mobile=&#8221;&#8221;][vc_column_text][layerslider id=&#8221;2&#8243;][\/vc_column_text][\/vc_column][vc_column width=&#8221;1\/2&#8243;][vc_empty_space hide_on_mobile=&#8221;&#8221;][vc_custom_heading source=&#8221;post_title&#8221; use_theme_fonts=&#8221;yes&#8221;][vc_empty_space hide_on_mobile=&#8221;&#8221;][vc_column_text]<\/p>\n<p style=\"text-align: justify;\"><big>El Centro de Capacitaci\u00f3n INTECAP Villa Nueva, est\u00e1 ubicado estrat\u00e9gicamente para satisfacer las necesidades de formaci\u00f3n profesional, capacitaci\u00f3n y Asistencia T\u00e9cnica en el Municipio de Villa Nueva y dar cobertura a los Municipios aleda\u00f1os como San Miguel Petapa, Villa Canales y Amatitl\u00e1n, que integran la parte sur del Departamento de Guatemala, a trav\u00e9s de carreras y cursos cortos dise\u00f1ados para la formaci\u00f3n integral, complementaci\u00f3n y habilitaci\u00f3n de j\u00f3venes y adultos por ingresar al mercado laboral, as\u00ed como tambi\u00e9n, actualizar en el puesto de trabajo a personas que ya se encuentran en puestos de trabajo en el sector empresarial.\u00a0<\/big><\/p>\n<h3><big><strong>Horario de Atenci\u00f3n<\/strong><\/big><\/h3>\n<p><big><strong>Desarrollo de Eventos (capacitaci\u00f3n):\u00a0<\/strong> de Lunes a Domingo de 08:00 a 17:00 horas.<\/big><\/p>\n<p><big>Nota: Si es necesario, conveniente y solicitado por empresas, instituciones o grupo de personas, se puede programar cursos el d\u00eda Domingo.<\/big>[\/vc_column_text][\/vc_column][\/vc_row]<\/p>\n","protected":false},"excerpt":{"rendered":"<p>[vc_row][vc_column width=&#8221;1\/2&#8243;][vc_empty_space hide_on_mobile=&#8221;&#8221;][vc_column_text][layerslider id=&#8221;2&#8243;][\/vc_column_text][\/vc_column][vc_column width=&#8221;1\/2&#8243;][vc_empty_space hide_on_mobile=&#8221;&#8221;][vc_custom_heading source=&#8221;post_title&#8221; use_theme_fonts=&#8221;yes&#8221;][vc_empty_space hide_on_mobile=&#8221;&#8221;][vc_column_text] El Centro de Capacitaci\u00f3n INTECAP Villa Nueva, est\u00e1 ubicado estrat\u00e9gicamente para satisfacer las necesidades de formaci\u00f3n profesional, capacitaci\u00f3n y Asistencia T\u00e9cnica en el Municipio de Villa Nueva y dar cobertura a los Municipios aleda\u00f1os como San Miguel Petapa, Villa Canales y Amatitl\u00e1n, que integran la parte sur del Departamento de Guatemala,&hellip;<\/p>\n","protected":false},"author":1,"featured_media":0,"parent":0,"menu_order":0,"comment_status":"closed","ping_status":"closed","template":"","meta":{"_et_pb_use_builder":"","_et_pb_old_content":"","_et_gb_content_width":"","_monsterinsights_skip_tracking":false,"_monsterinsights_sitenote_active":false,"_monsterinsights_sitenote_note":"","_monsterinsights_sitenote_category":0,"footnotes":""},"class_list":["post-836","page","type-page","status-publish","hentry"],"_links":{"self":[{"href":"https:\/\/www.intecap.edu.gt\/centros\/centrovillanueva\/wp-json\/wp\/v2\/pages\/836","targetHints":{"allow":["GET"]}}],"collection":[{"href":"https:\/\/www.intecap.edu.gt\/centros\/centrovillanueva\/wp-json\/wp\/v2\/pages"}],"about":[{"href":"https:\/\/www.intecap.edu.gt\/centros\/centrovillanueva\/wp-json\/wp\/v2\/types\/page"}],"author":[{"embeddable":true,"href":"https:\/\/www.intecap.edu.gt\/centros\/centrovillanueva\/wp-json\/wp\/v2\/users\/1"}],"replies":[{"embeddable":true,"href":"https:\/\/www.intecap.edu.gt\/centros\/centrovillanueva\/wp-json\/wp\/v2\/comments?post=836"}],"version-history":[{"count":15,"href":"https:\/\/www.intecap.edu.gt\/centros\/centrovillanueva\/wp-json\/wp\/v2\/pages\/836\/revisions"}],"predecessor-version":[{"id":1076,"href":"https:\/\/www.intecap.edu.gt\/centros\/centrovillanueva\/wp-json\/wp\/v2\/pages\/836\/revisions\/1076"}],"wp:attachment":[{"href":"https:\/\/www.intecap.edu.gt\/centros\/centrovillanueva\/wp-json\/wp\/v2\/media?parent=836"}],"curies":[{"name":"wp","href":"https:\/\/api.w.org\/{rel}","templated":true}]}}