{"id":836,"date":"2019-02-13T18:14:04","date_gmt":"2019-02-13T18:14:04","guid":{"rendered":"https:\/\/www.intecap.edu.gt\/centros\/centroturismo\/?page_id=836"},"modified":"2025-10-02T18:46:19","modified_gmt":"2025-10-02T18:46:19","slug":"quienessomos","status":"publish","type":"page","link":"https:\/\/www.intecap.edu.gt\/centros\/centroturismo\/quienessomos\/","title":{"rendered":"Quienes Somos"},"content":{"rendered":"<p>[vc_row][vc_column][vc_empty_space hide_on_mobile=&#8221;&#8221;][vc_empty_space hide_on_mobile=&#8221;&#8221;][vc_custom_heading source=&#8221;post_title&#8221; font_container=&#8221;tag:h2|text_align:center&#8221; use_theme_fonts=&#8221;yes&#8221;][\/vc_column][\/vc_row][vc_row][vc_column width=&#8221;1\/6&#8243;][\/vc_column][vc_column width=&#8221;2\/3&#8243;][vc_empty_space hide_on_mobile=&#8221;&#8221;][vc_empty_space hide_on_mobile=&#8221;&#8221;][vc_column_text]<\/p>\n<h5 style=\"text-align: justify;\">El Centro de Turismo del INTECAP,\u00a0 surgi\u00f3 en la ciudad de Guatemala gracias al constante crecimiento del sector tur\u00edstico y hotelero del pa\u00eds.<\/h5>\n<h5 style=\"text-align: justify;\">Para desarrollar un proyecto de Capacitaci\u00f3n y Asistencia T\u00e9cnica se solicit\u00f3 la colaboraci\u00f3n de la Agencia Espa\u00f1ola de Cooperaci\u00f3n Internacional {AECI) y acorde a la asesor\u00eda espa\u00f1ola, primero se separ\u00f3 la Secci\u00f3n de Hoteler\u00eda del Sector Secundario y luego se cre\u00f3 la Divisi\u00f3n de Turismo.<\/h5>\n<h5 style=\"text-align: justify;\">En el 2000 se dise\u00f1\u00f3 el Centro de Capacitaci\u00f3n en un \u00e1rea de 1,900.00 metros cuadrados en el edificio de la sede central del INTECAP. Para ello se remodel\u00f3 la planta baja, en la que se instal\u00f3 un centro gastron\u00f3mico, con aulas pr\u00e1cticas y administraci\u00f3n, restaurante-terraza y cocina para restaurante. En el 2do nivel del edificio esta su \u00e1rea administrativa, \u00e1reas de ense\u00f1anza en turismo, gastronom\u00eda y talleres.<\/h5>\n<h5 style=\"text-align: justify;\">El Centro fue inaugurado el 31 de julio de 2003 y se ha caracterizado por formar fuerza laboral eficiente en sus instalaciones, como en las empresas que demandan sus productos.<\/h5>\n<p>[\/vc_column_text][\/vc_column][vc_column width=&#8221;1\/6&#8243;][\/vc_column][\/vc_row]<\/p>\n","protected":false},"excerpt":{"rendered":"<p>[vc_row][vc_column][vc_empty_space hide_on_mobile=&#8221;&#8221;][vc_empty_space hide_on_mobile=&#8221;&#8221;][vc_custom_heading source=&#8221;post_title&#8221; font_container=&#8221;tag:h2|text_align:center&#8221; use_theme_fonts=&#8221;yes&#8221;][\/vc_column][\/vc_row][vc_row][vc_column width=&#8221;1\/6&#8243;][\/vc_column][vc_column width=&#8221;2\/3&#8243;][vc_empty_space hide_on_mobile=&#8221;&#8221;][vc_empty_space hide_on_mobile=&#8221;&#8221;][vc_column_text] El Centro de Turismo del INTECAP,\u00a0 surgi\u00f3 en la ciudad de Guatemala gracias al constante crecimiento del sector tur\u00edstico y hotelero del pa\u00eds. Para desarrollar un proyecto de Capacitaci\u00f3n y Asistencia T\u00e9cnica se solicit\u00f3 la colaboraci\u00f3n de la Agencia Espa\u00f1ola de Cooperaci\u00f3n Internacional {AECI) y acorde a la asesor\u00eda espa\u00f1ola,&hellip;<\/p>\n","protected":false},"author":1,"featured_media":0,"parent":0,"menu_order":0,"comment_status":"closed","ping_status":"closed","template":"","meta":{"_et_pb_use_builder":"","_et_pb_old_content":"","_et_gb_content_width":"","_monsterinsights_skip_tracking":false,"_monsterinsights_sitenote_active":false,"_monsterinsights_sitenote_note":"","_monsterinsights_sitenote_category":0,"footnotes":""},"class_list":["post-836","page","type-page","status-publish","hentry"],"_links":{"self":[{"href":"https:\/\/www.intecap.edu.gt\/centros\/centroturismo\/wp-json\/wp\/v2\/pages\/836","targetHints":{"allow":["GET"]}}],"collection":[{"href":"https:\/\/www.intecap.edu.gt\/centros\/centroturismo\/wp-json\/wp\/v2\/pages"}],"about":[{"href":"https:\/\/www.intecap.edu.gt\/centros\/centroturismo\/wp-json\/wp\/v2\/types\/page"}],"author":[{"embeddable":true,"href":"https:\/\/www.intecap.edu.gt\/centros\/centroturismo\/wp-json\/wp\/v2\/users\/1"}],"replies":[{"embeddable":true,"href":"https:\/\/www.intecap.edu.gt\/centros\/centroturismo\/wp-json\/wp\/v2\/comments?post=836"}],"version-history":[{"count":16,"href":"https:\/\/www.intecap.edu.gt\/centros\/centroturismo\/wp-json\/wp\/v2\/pages\/836\/revisions"}],"predecessor-version":[{"id":2195,"href":"https:\/\/www.intecap.edu.gt\/centros\/centroturismo\/wp-json\/wp\/v2\/pages\/836\/revisions\/2195"}],"wp:attachment":[{"href":"https:\/\/www.intecap.edu.gt\/centros\/centroturismo\/wp-json\/wp\/v2\/media?parent=836"}],"curies":[{"name":"wp","href":"https:\/\/api.w.org\/{rel}","templated":true}]}}