{"id":836,"date":"2019-02-13T18:14:04","date_gmt":"2019-02-13T18:14:04","guid":{"rendered":"https:\/\/www.intecap.edu.gt\/centros\/centroretalhuleu\/?page_id=836"},"modified":"2019-06-03T18:00:47","modified_gmt":"2019-06-03T18:00:47","slug":"quienessomos","status":"publish","type":"page","link":"https:\/\/www.intecap.edu.gt\/centros\/centroretalhuleu\/quienessomos\/","title":{"rendered":"Quienes Somos"},"content":{"rendered":"<p>[vc_row][vc_column width=&#8221;1\/2&#8243;][vc_column_text][layerslider id=&#8221;2&#8243;][\/vc_column_text][vc_empty_space hide_on_mobile=&#8221;&#8221;][\/vc_column][vc_column width=&#8221;1\/2&#8243;][vc_empty_space hide_on_mobile=&#8221;&#8221;][vc_custom_heading source=&#8221;post_title&#8221; use_theme_fonts=&#8221;yes&#8221;][vc_empty_space hide_on_mobile=&#8221;&#8221;][vc_column_text]<\/p>\n<p style=\"text-align: justify;\"><big>En el Centro de Capacitaci\u00f3n INTECAP Retalhuleu, nuestra misi\u00f3n es brindar instrucci\u00f3n a j\u00f3venes que desean encontrar alternativas para incorporarse a la vida laboral, actualizar los conocimientos, reforzar las habilidades y destrezas de los trabajadores que laboran en especialidades t\u00e9cnicas que el Centro atiende e impulsar programas de nivel t\u00e9cnico-operativo, medio y a nivel de Perito, para fomentar la productividad de las personas y empresas locales a trav\u00e9s de programas de formaci\u00f3n profesional actualizada que permitan satisfacer necesidades puntuales en el medio con una estructura tecnol\u00f3gica de alto nivel.<\/big><\/p>\n<h3 style=\"text-align: justify;\"><big><strong>Horario de Atenci\u00f3n<\/strong><\/big><\/h3>\n<p style=\"text-align: justify;\"><big><strong>\u00c1rea Administrativa:\u00a0 <\/strong><\/big><big>De lunes a viernes de 08:00 a 16:00 horas<\/big><\/p>\n<p>[\/vc_column_text][vc_empty_space hide_on_mobile=&#8221;&#8221;][\/vc_column][\/vc_row][vc_row full_width=&#8221;stretch_row_content&#8221;][vc_column][vc_single_image image=&#8221;1271&#8243; img_size=&#8221;full&#8221; alignment=&#8221;center&#8221; style=&#8221;vc_box_shadow&#8221;][\/vc_column][\/vc_row]<\/p>\n","protected":false},"excerpt":{"rendered":"<p>[vc_row][vc_column width=&#8221;1\/2&#8243;][vc_column_text][layerslider id=&#8221;2&#8243;][\/vc_column_text][vc_empty_space hide_on_mobile=&#8221;&#8221;][\/vc_column][vc_column width=&#8221;1\/2&#8243;][vc_empty_space hide_on_mobile=&#8221;&#8221;][vc_custom_heading source=&#8221;post_title&#8221; use_theme_fonts=&#8221;yes&#8221;][vc_empty_space hide_on_mobile=&#8221;&#8221;][vc_column_text] En el Centro de Capacitaci\u00f3n INTECAP Retalhuleu, nuestra misi\u00f3n es brindar instrucci\u00f3n a j\u00f3venes que desean encontrar alternativas para incorporarse a la vida laboral, actualizar los conocimientos, reforzar las habilidades y destrezas de los trabajadores que laboran en especialidades t\u00e9cnicas que el Centro atiende e impulsar programas de nivel t\u00e9cnico-operativo, medio&hellip;<\/p>\n","protected":false},"author":1,"featured_media":0,"parent":0,"menu_order":0,"comment_status":"closed","ping_status":"closed","template":"","meta":{"_et_pb_use_builder":"","_et_pb_old_content":"","_et_gb_content_width":"","_monsterinsights_skip_tracking":false,"_monsterinsights_sitenote_active":false,"_monsterinsights_sitenote_note":"","_monsterinsights_sitenote_category":0,"footnotes":""},"class_list":["post-836","page","type-page","status-publish","hentry"],"_links":{"self":[{"href":"https:\/\/www.intecap.edu.gt\/centros\/centroretalhuleu\/wp-json\/wp\/v2\/pages\/836","targetHints":{"allow":["GET"]}}],"collection":[{"href":"https:\/\/www.intecap.edu.gt\/centros\/centroretalhuleu\/wp-json\/wp\/v2\/pages"}],"about":[{"href":"https:\/\/www.intecap.edu.gt\/centros\/centroretalhuleu\/wp-json\/wp\/v2\/types\/page"}],"author":[{"embeddable":true,"href":"https:\/\/www.intecap.edu.gt\/centros\/centroretalhuleu\/wp-json\/wp\/v2\/users\/1"}],"replies":[{"embeddable":true,"href":"https:\/\/www.intecap.edu.gt\/centros\/centroretalhuleu\/wp-json\/wp\/v2\/comments?post=836"}],"version-history":[{"count":32,"href":"https:\/\/www.intecap.edu.gt\/centros\/centroretalhuleu\/wp-json\/wp\/v2\/pages\/836\/revisions"}],"predecessor-version":[{"id":1274,"href":"https:\/\/www.intecap.edu.gt\/centros\/centroretalhuleu\/wp-json\/wp\/v2\/pages\/836\/revisions\/1274"}],"wp:attachment":[{"href":"https:\/\/www.intecap.edu.gt\/centros\/centroretalhuleu\/wp-json\/wp\/v2\/media?parent=836"}],"curies":[{"name":"wp","href":"https:\/\/api.w.org\/{rel}","templated":true}]}}