{"id":836,"date":"2019-02-13T18:14:04","date_gmt":"2019-02-13T18:14:04","guid":{"rendered":"https:\/\/www.intecap.edu.gt\/centros\/centrohuehuetenango\/?page_id=836"},"modified":"2019-05-16T18:04:56","modified_gmt":"2019-05-16T18:04:56","slug":"quienessomos","status":"publish","type":"page","link":"https:\/\/www.intecap.edu.gt\/centros\/centrohuehuetenango\/quienessomos\/","title":{"rendered":"Quienes Somos"},"content":{"rendered":"<p>[vc_row][vc_column width=&#8221;1\/2&#8243;][vc_column_text][layerslider id=&#8221;2&#8243;][\/vc_column_text][vc_empty_space hide_on_mobile=&#8221;&#8221;][\/vc_column][vc_column width=&#8221;1\/2&#8243;][vc_empty_space hide_on_mobile=&#8221;&#8221;][vc_custom_heading source=&#8221;post_title&#8221; use_theme_fonts=&#8221;yes&#8221;][vc_empty_space hide_on_mobile=&#8221;&#8221;][vc_column_text]<\/p>\n<p style=\"text-align: justify;\"><big>El 20 de abril 2012 se inaugur\u00f3 el Centro de Capacitaci\u00f3n Huehuetenango, el cual cuenta con equipo de alta tecnolog\u00eda, instructores especializados y una infraestructura dise\u00f1ada para brindar el mejor servicio de capacitaci\u00f3n y asistencia t\u00e9cnica.<\/big><\/p>\n<p style=\"text-align: justify;\"><big>Es un centro comprometido con el medio ambiente, por lo que cuenta con una planta de tratamiento de aguas residuales para el manejo de desechos s\u00f3lidos. Se imparten carreras y cursos en diferentes especialidades, que tienen por objetivo ayudar al desarrollo de los integrantes de la comunidad.<\/big><\/p>\n<p style=\"text-align: justify;\"><big>Tambi\u00e9n cuenta con: biblioteca con servicio de Internet, orientaci\u00f3n psicopedag\u00f3gica, reproducci\u00f3n de materiales, cafeter\u00eda y cl\u00ednica m\u00e9dica.<\/big><\/p>\n<h3 style=\"text-align: justify;\"><big><strong>Horario de Atenci\u00f3n<\/strong><\/big><\/h3>\n<p style=\"text-align: justify;\"><big><strong>\u00c1rea Administrativa:\u00a0\u00a0 <\/strong><\/big><big>De lunes a viernes de 08:00 a 16:00 horas<\/big><\/p>\n<p>[\/vc_column_text][vc_empty_space hide_on_mobile=&#8221;&#8221;][\/vc_column][\/vc_row]<\/p>\n","protected":false},"excerpt":{"rendered":"<p>[vc_row][vc_column width=&#8221;1\/2&#8243;][vc_column_text][layerslider id=&#8221;2&#8243;][\/vc_column_text][vc_empty_space hide_on_mobile=&#8221;&#8221;][\/vc_column][vc_column width=&#8221;1\/2&#8243;][vc_empty_space hide_on_mobile=&#8221;&#8221;][vc_custom_heading source=&#8221;post_title&#8221; use_theme_fonts=&#8221;yes&#8221;][vc_empty_space hide_on_mobile=&#8221;&#8221;][vc_column_text] El 20 de abril 2012 se inaugur\u00f3 el Centro de Capacitaci\u00f3n Huehuetenango, el cual cuenta con equipo de alta tecnolog\u00eda, instructores especializados y una infraestructura dise\u00f1ada para brindar el mejor servicio de capacitaci\u00f3n y asistencia t\u00e9cnica. Es un centro comprometido con el medio ambiente, por lo que cuenta con una planta&hellip;<\/p>\n","protected":false},"author":1,"featured_media":0,"parent":0,"menu_order":0,"comment_status":"closed","ping_status":"closed","template":"","meta":{"_et_pb_use_builder":"","_et_pb_old_content":"","_et_gb_content_width":"","_monsterinsights_skip_tracking":false,"_monsterinsights_sitenote_active":false,"_monsterinsights_sitenote_note":"","_monsterinsights_sitenote_category":0,"footnotes":""},"class_list":["post-836","page","type-page","status-publish","hentry"],"_links":{"self":[{"href":"https:\/\/www.intecap.edu.gt\/centros\/centrohuehuetenango\/wp-json\/wp\/v2\/pages\/836","targetHints":{"allow":["GET"]}}],"collection":[{"href":"https:\/\/www.intecap.edu.gt\/centros\/centrohuehuetenango\/wp-json\/wp\/v2\/pages"}],"about":[{"href":"https:\/\/www.intecap.edu.gt\/centros\/centrohuehuetenango\/wp-json\/wp\/v2\/types\/page"}],"author":[{"embeddable":true,"href":"https:\/\/www.intecap.edu.gt\/centros\/centrohuehuetenango\/wp-json\/wp\/v2\/users\/1"}],"replies":[{"embeddable":true,"href":"https:\/\/www.intecap.edu.gt\/centros\/centrohuehuetenango\/wp-json\/wp\/v2\/comments?post=836"}],"version-history":[{"count":30,"href":"https:\/\/www.intecap.edu.gt\/centros\/centrohuehuetenango\/wp-json\/wp\/v2\/pages\/836\/revisions"}],"predecessor-version":[{"id":1274,"href":"https:\/\/www.intecap.edu.gt\/centros\/centrohuehuetenango\/wp-json\/wp\/v2\/pages\/836\/revisions\/1274"}],"wp:attachment":[{"href":"https:\/\/www.intecap.edu.gt\/centros\/centrohuehuetenango\/wp-json\/wp\/v2\/media?parent=836"}],"curies":[{"name":"wp","href":"https:\/\/api.w.org\/{rel}","templated":true}]}}