{"id":1315,"date":"2020-09-04T20:31:00","date_gmt":"2020-09-04T20:31:00","guid":{"rendered":"https:\/\/www.intecap.edu.gt\/centros\/centrobajaverapaz\/?page_id=1315"},"modified":"2024-08-26T20:47:55","modified_gmt":"2024-08-26T20:47:55","slug":"electricidad","status":"publish","type":"page","link":"https:\/\/www.intecap.edu.gt\/centros\/centroescuintla2\/electricidad\/","title":{"rendered":"Especialidad Electricidad"},"content":{"rendered":"<p>[et_pb_section fb_built=&#8221;1&#8243; _builder_version=&#8221;4.16&#8243; custom_padding=&#8221;17px||46px|||&#8221; global_colors_info=&#8221;{}&#8221;][et_pb_row _builder_version=&#8221;4.16&#8243; global_colors_info=&#8221;{}&#8221;][et_pb_column type=&#8221;4_4&#8243; _builder_version=&#8221;4.16&#8243; global_colors_info=&#8221;{}&#8221;][et_pb_post_title meta=&#8221;off&#8221; featured_image=&#8221;off&#8221; _builder_version=&#8221;4.16&#8243; title_font=&#8221;|800||on|||||&#8221; title_font_size=&#8221;35px&#8221; text_orientation=&#8221;center&#8221; global_colors_info=&#8221;{}&#8221;][\/et_pb_post_title][\/et_pb_column][\/et_pb_row][et_pb_row _builder_version=&#8221;4.16&#8243; global_colors_info=&#8221;{}&#8221;][et_pb_column type=&#8221;4_4&#8243; _builder_version=&#8221;4.16&#8243; global_colors_info=&#8221;{}&#8221;][et_pb_accordion open_toggle_text_color=&#8221;#000000&#8243; open_toggle_background_color=&#8221;rgba(0,0,0,0)&#8221; closed_toggle_background_color=&#8221;#242424&#8243; icon_color=&#8221;#FFFFFF&#8221; use_icon_font_size=&#8221;on&#8221; _builder_version=&#8221;4.27.0&#8243; toggle_text_color=&#8221;#FFFFFF&#8221; toggle_level=&#8221;h2&#8243; closed_toggle_font=&#8221;Poppins||||||||&#8221; closed_toggle_font_size=&#8221;25px&#8221; closed_toggle_line_height=&#8221;1em&#8221; background_color=&#8221;rgba(0,0,0,0)&#8221; hover_enabled=&#8221;0&#8243; border_radii=&#8221;on|15px|15px|15px|15px&#8221; global_colors_info=&#8221;{}&#8221; sticky_enabled=&#8221;0&#8243;][et_pb_accordion_item open=&#8221;off&#8221; _builder_version=&#8221;4.16&#8243; custom_css_main_element=&#8221;display:none&#8221; global_colors_info=&#8221;{}&#8221;][\/et_pb_accordion_item][et_pb_accordion_item title=&#8221;Electricista Instalador Industrial&#8221; _builder_version=&#8221;4.27.0&#8243; body_font=&#8221;||||||||&#8221; hover_enabled=&#8221;0&#8243; global_colors_info=&#8221;{}&#8221; open=&#8221;on&#8221; sticky_enabled=&#8221;0&#8243;]<\/p>\n<h4 style=\"text-align: justify;\">Aprende a instalar y proveer mantenimiento a circuitos el\u00e9ctricos industriales, con base en requerimientos o problemas presentados; aplicando procedimientos y buenas pr\u00e1cticas; adem\u00e1s, demostrando conductas positivas en las actividades laborales.<\/h4>\n<h4><\/h4>\n<h4><strong>Grupo 1<\/strong><br \/>FIN DE SEMANA<\/h4>\n<h4>D\u00edas: s\u00e1bados y domingos<br \/>Horario: 7:30 a 16:30 horas<br \/>Duraci\u00f3n: 2 a\u00f1os y 500 horas de pr\u00e1ctica en empresa <br \/>Edad: 19 a 45 a\u00f1os <br \/>Escolaridad: 6\u00ba. Primaria aprobado<br \/>Inscripci\u00f3n: Q.50.00<br \/>Mensualidad: Q.125.00<\/p>\n<\/h4>\n<h4><strong>Grupo 2<\/strong><br \/>LUNES A MI\u00c9RCOLES<\/h4>\n<h4>Horario: 7:30 a 15:30 horas<br \/>Duraci\u00f3n: 2 a\u00f1os y 500 horas de pr\u00e1ctica en empresa<br \/>Edad: 14 a 18 a\u00f1os <br \/>Escolaridad: 6\u00ba. Primaria aprobado<br \/>Inscripci\u00f3n: Q.50.00<br \/>Mensualidad: Q.125.00<\/p>\n<\/h4>\n<h4><strong>Grupo 3<\/strong><br \/>MI\u00c9RCOLES A VIERNES<\/p>\n<p>Horario: 7:30 a 15:30 horas<br \/>Duraci\u00f3n: 2 a\u00f1os y 500 horas de pr\u00e1ctica en empresa<br \/>Edad: 14 a 18 a\u00f1os <br \/>Escolaridad: 6\u00ba. Primaria aprobado<br \/>Inscripci\u00f3n: Q.50.00<br \/>Mensualidad: Q.125.00<\/p>\n<\/h4>\n<h4><\/h4>\n<p>[\/et_pb_accordion_item][\/et_pb_accordion][\/et_pb_column][\/et_pb_row][\/et_pb_section][et_pb_section fb_built=&#8221;1&#8243; _builder_version=&#8221;4.16&#8243; custom_padding=&#8221;21px||2px|||&#8221; global_colors_info=&#8221;{}&#8221;][et_pb_row _builder_version=&#8221;4.16&#8243; global_colors_info=&#8221;{}&#8221;][et_pb_column type=&#8221;4_4&#8243; _builder_version=&#8221;4.16&#8243; global_colors_info=&#8221;{}&#8221;][et_pb_text _builder_version=&#8221;4.27.0&#8243; hover_enabled=&#8221;0&#8243; global_colors_info=&#8221;{}&#8221; sticky_enabled=&#8221;0&#8243;]<\/p>\n<div class=\"et_pb_section et_pb_section_1 et_section_regular et_section_transparent\">\n<div class=\"et_pb_row et_pb_row_2\">\n<div class=\"et_pb_column et_pb_column_4_4 et_pb_column_2  et_pb_css_mix_blend_mode_passthrough et-last-child\">\n<div class=\"et_pb_module et_pb_text et_pb_text_0  et_pb_text_align_left et_pb_bg_layout_light\">\n<div class=\"et_pb_text_inner\">\n<h2>IMPORTANTE:<\/h2>\n<h5><strong>Para todas las carreras de gastronom\u00eda debe presentar Tarjeta de Salud vigente.<\/strong><\/h5>\n<h5>La modalidad de clases para todas las carreras y cursos es h\u00edbrida (presencial y virtual)<\/h5>\n<h5>Charlas de orientaci\u00f3n presenciales a las 8:30 a.m.\u00a0 (Obligatorio para su admisi\u00f3n)<\/h5>\n<h5>Documentos a presentar para todas las carreras y cursos:<br \/>-DPI para mayores de edad y Fe de edad para menores de edad (vigentes).<br \/>-Diploma o Certificado seg\u00fan el requisito de la especialidad elegida.<\/h5>\n<h5><strong>Proceso de admisi\u00f3n<\/strong><\/h5>\n<h5>Q.15.00 depositar en cuenta monetaria de Banrural 30-3333657-5 o Banco Industrial 027-078694-7 (Realizar el dep\u00f3sito en el mes en el que se presentar\u00e1 a la charla y presentarlo en original).<\/h5>\n<h5><strong>Preinscripci\u00f3n para charlas de orientaci\u00f3n tel\u00e9fonos 7889-1079 y 78891090 o en forma presencial.<\/strong><\/h5>\n<\/div>\n<\/div>\n<\/div>\n<\/div>\n<\/div>\n<p>[\/et_pb_text][\/et_pb_column][\/et_pb_row][\/et_pb_section]<\/p>\n","protected":false},"excerpt":{"rendered":"<p>Electricista Instalador Industrial Aprende a instalar y&#8230;<\/p>\n","protected":false},"author":1,"featured_media":0,"parent":0,"menu_order":0,"comment_status":"closed","ping_status":"closed","template":"","meta":{"_et_pb_use_builder":"on","_et_pb_old_content":"","_et_gb_content_width":"","_monsterinsights_skip_tracking":false,"_monsterinsights_sitenote_active":false,"_monsterinsights_sitenote_note":"","_monsterinsights_sitenote_category":0,"footnotes":""},"class_list":["post-1315","page","type-page","status-publish","hentry"],"_links":{"self":[{"href":"https:\/\/www.intecap.edu.gt\/centros\/centroescuintla2\/wp-json\/wp\/v2\/pages\/1315","targetHints":{"allow":["GET"]}}],"collection":[{"href":"https:\/\/www.intecap.edu.gt\/centros\/centroescuintla2\/wp-json\/wp\/v2\/pages"}],"about":[{"href":"https:\/\/www.intecap.edu.gt\/centros\/centroescuintla2\/wp-json\/wp\/v2\/types\/page"}],"author":[{"embeddable":true,"href":"https:\/\/www.intecap.edu.gt\/centros\/centroescuintla2\/wp-json\/wp\/v2\/users\/1"}],"replies":[{"embeddable":true,"href":"https:\/\/www.intecap.edu.gt\/centros\/centroescuintla2\/wp-json\/wp\/v2\/comments?post=1315"}],"version-history":[{"count":8,"href":"https:\/\/www.intecap.edu.gt\/centros\/centroescuintla2\/wp-json\/wp\/v2\/pages\/1315\/revisions"}],"predecessor-version":[{"id":1838,"href":"https:\/\/www.intecap.edu.gt\/centros\/centroescuintla2\/wp-json\/wp\/v2\/pages\/1315\/revisions\/1838"}],"wp:attachment":[{"href":"https:\/\/www.intecap.edu.gt\/centros\/centroescuintla2\/wp-json\/wp\/v2\/media?parent=1315"}],"curies":[{"name":"wp","href":"https:\/\/api.w.org\/{rel}","templated":true}]}}