{"id":1518,"date":"2021-06-02T21:36:13","date_gmt":"2021-06-02T21:36:13","guid":{"rendered":"https:\/\/www.intecap.edu.gt\/centros\/centroescuintla1\/?page_id=1518"},"modified":"2021-06-11T16:15:14","modified_gmt":"2021-06-11T16:15:14","slug":"preinscribirme","status":"publish","type":"page","link":"https:\/\/www.intecap.edu.gt\/centros\/centroescuintla1\/preinscribirme\/","title":{"rendered":"\u00bfQu\u00e9 debo hacer para Pre-Inscribirme?"},"content":{"rendered":"<p>[et_pb_section fb_built=&#8221;1&#8243; _builder_version=&#8221;3.27.3&#8243; custom_padding=&#8221;31px||46px|||&#8221;][et_pb_row _builder_version=&#8221;3.27.3&#8243; custom_margin=&#8221;-18px|auto||auto||&#8221;][et_pb_column type=&#8221;4_4&#8243; _builder_version=&#8221;3.27.3&#8243;][et_pb_post_title meta=&#8221;off&#8221; featured_image=&#8221;off&#8221; _builder_version=&#8221;3.27.3&#8243; title_font=&#8221;|800||on|||||&#8221; title_font_size=&#8221;35px&#8221; text_orientation=&#8221;center&#8221;]<br \/>\n[\/et_pb_post_title][et_pb_text _builder_version=&#8221;4.9.6&#8243; _module_preset=&#8221;default&#8221; vertical_offset_tablet=&#8221;0&#8243; horizontal_offset_tablet=&#8221;0&#8243; z_index_tablet=&#8221;0&#8243; text_text_shadow_horizontal_length_tablet=&#8221;0px&#8221; text_text_shadow_vertical_length_tablet=&#8221;0px&#8221; text_text_shadow_blur_strength_tablet=&#8221;1px&#8221; link_text_shadow_horizontal_length_tablet=&#8221;0px&#8221; link_text_shadow_vertical_length_tablet=&#8221;0px&#8221; link_text_shadow_blur_strength_tablet=&#8221;1px&#8221; ul_text_shadow_horizontal_length_tablet=&#8221;0px&#8221; ul_text_shadow_vertical_length_tablet=&#8221;0px&#8221; ul_text_shadow_blur_strength_tablet=&#8221;1px&#8221; ol_text_shadow_horizontal_length_tablet=&#8221;0px&#8221; ol_text_shadow_vertical_length_tablet=&#8221;0px&#8221; ol_text_shadow_blur_strength_tablet=&#8221;1px&#8221; quote_text_shadow_horizontal_length_tablet=&#8221;0px&#8221; quote_text_shadow_vertical_length_tablet=&#8221;0px&#8221; quote_text_shadow_blur_strength_tablet=&#8221;1px&#8221; header_text_shadow_horizontal_length_tablet=&#8221;0px&#8221; header_text_shadow_vertical_length_tablet=&#8221;0px&#8221; header_text_shadow_blur_strength_tablet=&#8221;1px&#8221; header_2_text_shadow_horizontal_length_tablet=&#8221;0px&#8221; header_2_text_shadow_vertical_length_tablet=&#8221;0px&#8221; header_2_text_shadow_blur_strength_tablet=&#8221;1px&#8221; header_3_text_shadow_horizontal_length_tablet=&#8221;0px&#8221; header_3_text_shadow_vertical_length_tablet=&#8221;0px&#8221; header_3_text_shadow_blur_strength_tablet=&#8221;1px&#8221; header_4_text_shadow_horizontal_length_tablet=&#8221;0px&#8221; header_4_text_shadow_vertical_length_tablet=&#8221;0px&#8221; header_4_text_shadow_blur_strength_tablet=&#8221;1px&#8221; header_5_text_shadow_horizontal_length_tablet=&#8221;0px&#8221; header_5_text_shadow_vertical_length_tablet=&#8221;0px&#8221; header_5_text_shadow_blur_strength_tablet=&#8221;1px&#8221; header_6_text_shadow_horizontal_length_tablet=&#8221;0px&#8221; header_6_text_shadow_vertical_length_tablet=&#8221;0px&#8221; header_6_text_shadow_blur_strength_tablet=&#8221;1px&#8221; box_shadow_horizontal_tablet=&#8221;0px&#8221; box_shadow_vertical_tablet=&#8221;0px&#8221; box_shadow_blur_tablet=&#8221;40px&#8221; box_shadow_spread_tablet=&#8221;0px&#8221;]<\/p>\n<h2 style=\"text-align: center;\">PREINSCRIPCIONES ABIERTAS (CONVOCATORIA) EN L\u00cdNEA PARA LAS CARRERAS DEL A\u00d1O 2022 A PARTIR DEL 15 DE AGOSTO HASTA EL 30 DE SEPTIEMBRE 2021.<\/h2>\n<p>[\/et_pb_text][\/et_pb_column][\/et_pb_row][et_pb_row _builder_version=&#8221;4.9.4&#8243; _module_preset=&#8221;default&#8221;][et_pb_column type=&#8221;4_4&#8243; _builder_version=&#8221;4.9.4&#8243; _module_preset=&#8221;default&#8221;][et_pb_text _builder_version=&#8221;4.9.4&#8243; _module_preset=&#8221;default&#8221; hover_enabled=&#8221;0&#8243; sticky_enabled=&#8221;0&#8243;]<\/p>\n<h4>Para preinscribirte debe ingresar a:<\/h4>\n<h3><strong><a href=\"https:\/\/alumnos.intecap.edu.gt\/\" target=\"_blank\" rel=\"noopener\">PORTAL DE PARTICIPANTES<\/a><\/strong><\/h3>\n<h4>Si necesitas ayuda puedes ver el siguiente video:<\/h4>\n<h4><\/h4>\n<p>[\/et_pb_text][et_pb_video src=&#8221;https:\/\/youtu.be\/qkkCJczGR9E&#8221; _builder_version=&#8221;4.9.4&#8243; _module_preset=&#8221;default&#8221;]<br \/>\n[\/et_pb_video][et_pb_text _builder_version=&#8221;4.9.6&#8243; _module_preset=&#8221;default&#8221; hover_enabled=&#8221;0&#8243; sticky_enabled=&#8221;0&#8243;]<\/p>\n<h2>Sube la siguiente informaci\u00f3n al <a href=\"https:\/\/alumnos.intecap.edu.gt\/\" target=\"_blank\" rel=\"noopener\">PORTAL DE PARTICIPANTES:<\/a><\/h2>\n<ul>\n<li>\n<h4>Documento de identificaci\u00f3n<\/h4>\n<\/li>\n<\/ul>\n<h4><strong>Para menores de edad:<\/strong><\/h4>\n<ul>\n<li>\n<h4>Fotocopia de certificado de nacimiento extendido por RENAP de preferencia reciente.<\/h4>\n<\/li>\n<\/ul>\n<h4><strong>Para mayores de edad:<\/strong><\/h4>\n<ul>\n<li>\n<h4>Fotocopia completa de DPI con ampliaci\u00f3n al 200% (en el caso de no contar con dicho documento presentar certificaci\u00f3n del RENAP)<\/h4>\n<\/li>\n<\/ul>\n<h4><strong>Constancia de estudios:<\/strong><\/h4>\n<ul>\n<li>\n<h4>Si cuenta con el diploma o certificado del \u00faltimo grado cursado tambi\u00e9n deber\u00e1 subirlo al portal o bien puede subir de manera provisional una constancia que acredite que est\u00e1 cursando el grado requisito de la especialidad.<\/h4>\n<\/li>\n<li>\n<h4>Pago de Q 15.00 de derecho a examen de admisi\u00f3n.<\/h4>\n<\/li>\n<\/ul>\n<ul>\n<li>\n<h4>Los documentos deben estar grabados en una memoria USB o en su dispositivo para poder subirlos<\/h4>\n<\/li>\n<\/ul>\n<p>[\/et_pb_text][\/et_pb_column][\/et_pb_row][\/et_pb_section]<\/p>\n","protected":false},"excerpt":{"rendered":"<p>PREINSCRIPCIONES ABIERTAS (CONVOCATORIA) EN L\u00cdNEA PARA LAS&#8230;<\/p>\n","protected":false},"author":1,"featured_media":0,"parent":0,"menu_order":0,"comment_status":"closed","ping_status":"closed","template":"","meta":{"_et_pb_use_builder":"on","_et_pb_old_content":"","_et_gb_content_width":"","_monsterinsights_skip_tracking":false,"_monsterinsights_sitenote_active":false,"_monsterinsights_sitenote_note":"","_monsterinsights_sitenote_category":0,"footnotes":""},"class_list":["post-1518","page","type-page","status-publish","hentry"],"_links":{"self":[{"href":"https:\/\/www.intecap.edu.gt\/centros\/centroescuintla1\/wp-json\/wp\/v2\/pages\/1518","targetHints":{"allow":["GET"]}}],"collection":[{"href":"https:\/\/www.intecap.edu.gt\/centros\/centroescuintla1\/wp-json\/wp\/v2\/pages"}],"about":[{"href":"https:\/\/www.intecap.edu.gt\/centros\/centroescuintla1\/wp-json\/wp\/v2\/types\/page"}],"author":[{"embeddable":true,"href":"https:\/\/www.intecap.edu.gt\/centros\/centroescuintla1\/wp-json\/wp\/v2\/users\/1"}],"replies":[{"embeddable":true,"href":"https:\/\/www.intecap.edu.gt\/centros\/centroescuintla1\/wp-json\/wp\/v2\/comments?post=1518"}],"version-history":[{"count":6,"href":"https:\/\/www.intecap.edu.gt\/centros\/centroescuintla1\/wp-json\/wp\/v2\/pages\/1518\/revisions"}],"predecessor-version":[{"id":1537,"href":"https:\/\/www.intecap.edu.gt\/centros\/centroescuintla1\/wp-json\/wp\/v2\/pages\/1518\/revisions\/1537"}],"wp:attachment":[{"href":"https:\/\/www.intecap.edu.gt\/centros\/centroescuintla1\/wp-json\/wp\/v2\/media?parent=1518"}],"curies":[{"name":"wp","href":"https:\/\/api.w.org\/{rel}","templated":true}]}}