{"id":1315,"date":"2020-09-04T20:31:00","date_gmt":"2020-09-04T20:31:00","guid":{"rendered":"https:\/\/www.intecap.edu.gt\/centros\/centrobajaverapaz\/?page_id=1315"},"modified":"2024-09-03T17:46:29","modified_gmt":"2024-09-03T17:46:29","slug":"electricidad-electronica","status":"publish","type":"page","link":"https:\/\/www.intecap.edu.gt\/centros\/centroescuintla1\/electricidad-electronica\/","title":{"rendered":"Especialidad Electricidad y Electr\u00f3nica"},"content":{"rendered":"<p>[et_pb_section fb_built=&#8221;1&#8243; _builder_version=&#8221;4.16&#8243; custom_padding=&#8221;17px||46px|||&#8221; global_colors_info=&#8221;{}&#8221;][et_pb_row _builder_version=&#8221;4.16&#8243; global_colors_info=&#8221;{}&#8221;][et_pb_column type=&#8221;4_4&#8243; _builder_version=&#8221;4.16&#8243; global_colors_info=&#8221;{}&#8221;][et_pb_post_title meta=&#8221;off&#8221; featured_image=&#8221;off&#8221; _builder_version=&#8221;4.16&#8243; title_font=&#8221;|800||on|||||&#8221; title_font_size=&#8221;35px&#8221; text_orientation=&#8221;center&#8221; global_colors_info=&#8221;{}&#8221;][\/et_pb_post_title][\/et_pb_column][\/et_pb_row][et_pb_row _builder_version=&#8221;4.16&#8243; global_colors_info=&#8221;{}&#8221;][et_pb_column type=&#8221;4_4&#8243; _builder_version=&#8221;4.16&#8243; global_colors_info=&#8221;{}&#8221;][et_pb_accordion open_toggle_text_color=&#8221;#000000&#8243; open_toggle_background_color=&#8221;rgba(0,0,0,0)&#8221; closed_toggle_background_color=&#8221;#242424&#8243; icon_color=&#8221;#FFFFFF&#8221; use_icon_font_size=&#8221;on&#8221; _builder_version=&#8221;4.27.0&#8243; toggle_text_color=&#8221;#FFFFFF&#8221; toggle_level=&#8221;h2&#8243; closed_toggle_font=&#8221;Poppins||||||||&#8221; closed_toggle_font_size=&#8221;25px&#8221; closed_toggle_line_height=&#8221;1em&#8221; background_color=&#8221;rgba(0,0,0,0)&#8221; hover_enabled=&#8221;0&#8243; border_radii=&#8221;on|15px|15px|15px|15px&#8221; global_colors_info=&#8221;{}&#8221; sticky_enabled=&#8221;0&#8243;][et_pb_accordion_item open=&#8221;on&#8221; _builder_version=&#8221;4.16&#8243; custom_css_main_element=&#8221;display:none&#8221; global_colors_info=&#8221;{}&#8221;][\/et_pb_accordion_item][et_pb_accordion_item title=&#8221;T\u00e9cnico en Electr\u00f3nica Industrial&#8221; _builder_version=&#8221;4.27.0&#8243; body_font=&#8221;||||||||&#8221; global_colors_info=&#8221;{}&#8221; open=&#8221;off&#8221;]<\/p>\n<h4 style=\"text-align: justify;\">Aprenda a proveer el mantenimiento de accionamientos el\u00e9ctricos, circuitos electr\u00f3nicos b\u00e1sicos, circuitos de potencia y sistemas automatizados, as\u00ed como programar sistemas de microcontroladores y PLC, con base en requerimientos o problemas presentados; aplicando procedimientos y buenas pr\u00e1cticas; adem\u00e1s, demostrando conductas positivas en las actividades laborales.<\/h4>\n<h4>Duraci\u00f3n: 3 a\u00f1os<br \/>Requisitos: <br \/>Edad: 15 a 22 a\u00f1os<br \/>Escolaridad: 3\u00ba. Grado de educaci\u00f3n b\u00e1sica aprobado <br \/>Inscripci\u00f3n Q. 75.00<br \/>Mensualidad Q.175.00<\/h4>\n<p>&nbsp;<\/p>\n<h4><\/h4>\n<p>[\/et_pb_accordion_item][et_pb_accordion_item title=&#8221;Perito en Electricidad Industrial&#8221; _builder_version=&#8221;4.27.0&#8243; body_font=&#8221;||||||||&#8221; global_colors_info=&#8221;{}&#8221; open=&#8221;off&#8221;]<\/p>\n<h4 style=\"text-align: justify;\">Dirigido a<br \/>Adolescentes y adultos interesados en formarse en una ocupaci\u00f3n como T\u00e9cnico de nivel medio que posean conocimientos, destrezas innatas y habilidades m\u00ednimas para la misma, con disponibilidad de tiempo para asistir 20 horas por semana a Centros de Capacitaci\u00f3n del INTECAP en funci\u00f3n del r\u00e9gimen de la carrera, desarrollar actividades de aprendizaje por cuenta propia, con base en la estrategia de formaci\u00f3n por proyectos y realizar pr\u00e1cticas ocupacionales al finalizar la formaci\u00f3n, que a la vez est\u00e9n interesados en cursar la educaci\u00f3n acad\u00e9mica como perito en una especialidad, en la cual estar\u00e1 dispuesto a cursar en jornada doble dichas carreras.<\/h4>\n<h4><\/h4>\n<h4>Duraci\u00f3n: 3 a\u00f1os<br \/>Horario: 7:30 a 15:30<br \/>Requisitos:<br \/>Edad: 15 a 18 a\u00f1os<br \/>Escolaridad: 3\u00ba. Grado de educaci\u00f3n b\u00e1sica aprobado<br \/>Inscripci\u00f3n Q.100.00<br \/>Mensualidad Q. 250.00<\/h4>\n<p>&nbsp;<\/p>\n<p>[\/et_pb_accordion_item][et_pb_accordion_item title=&#8221;Automatizaci\u00f3n Industrial&#8221; _builder_version=&#8221;4.27.0&#8243; body_font=&#8221;||||||||&#8221; hover_enabled=&#8221;0&#8243; global_colors_info=&#8221;{}&#8221; open=&#8221;off&#8221; sticky_enabled=&#8221;0&#8243;]<\/p>\n<h4>Aprende a programar procesos secuenciales mediante la utilizaci\u00f3n de funciones l\u00f3gicas, software y la utilizaci\u00f3n de sensores y actuadores, controlar se\u00f1ales anal\u00f3gicas mediante procesamiento de variables y su escalado, comunicar PLC\u00b4s mediante la utilizaci\u00f3n de redes de comunicaci\u00f3n industrial, as\u00ed como controlar procesos continuos aplicando procedimientos y buenas pr\u00e1cticas demostrando conductas positivas en las actividades laborales.<\/h4>\n<h4><strong><\/strong><\/h4>\n<h4>D\u00edas: Domingo de 7:30 a 16:30 horas<br \/>Duraci\u00f3n: 1 a\u00f1o<br \/>Inscripci\u00f3n Q75.00<br \/>Mensual Q100.00<\/h4>\n<h4>Requisitos:<br \/>Edad: 18 a\u00f1os en adelante<br \/>Escolaridad: Bachiller, perito o t\u00e9cnico en electricidad, electromec\u00e1nica, electr\u00f3nica, mantenimiento industrial o mecatr\u00f3nica.<br \/>Experiencia: Un a\u00f1o de experiencia af\u00edn a la especialidad.<br \/>Otros: Conocimientos b\u00e1sicos de electricidad, electr\u00f3nica y neum\u00e1tica, as\u00ed como software de programaci\u00f3n.<\/h4>\n<p>[\/et_pb_accordion_item][\/et_pb_accordion][\/et_pb_column][\/et_pb_row][\/et_pb_section][et_pb_section fb_built=&#8221;1&#8243; _builder_version=&#8221;4.16&#8243; custom_padding=&#8221;21px||2px|||&#8221; global_colors_info=&#8221;{}&#8221;][et_pb_row _builder_version=&#8221;4.16&#8243; global_colors_info=&#8221;{}&#8221;][et_pb_column type=&#8221;4_4&#8243; _builder_version=&#8221;4.16&#8243; global_colors_info=&#8221;{}&#8221;][et_pb_text _builder_version=&#8221;4.27.0&#8243; global_colors_info=&#8221;{}&#8221;]<\/p>\n<h5><strong>Tres opciones diferentes para poder realizar una cita para las conferencias de informaci\u00f3n de las carreras del Centro INTECAP Escuintla 1<\/strong><\/h5>\n<h5>Opci\u00f3n 1) Llamar a los tel\u00e9fonos 77903232 o 77903206<br \/>Opci\u00f3n 2) Escribir a los correos: mirma.rosales@intecap.edu.gt o bien oneida.mendez@intecap.edu.gt<br \/>Opci\u00f3n 3) Puede asistir personalmente al Centro de Capacitaci\u00f3n Escuintla 1 ubicado en: 4ta. Calle y 16 avenida, zona 5, Col. Hunap\u00fa, Escuintla.<\/h5>\n<h5>&#8212;&#8212;&#8212;&#8212;&#8212;&#8212;&#8212;&#8212;&#8212;&#8212;&#8212;&#8212;&#8212;&#8212;&#8212;&#8212;&#8212;&#8212;&#8212;&#8212;&#8212;&#8212;&#8212;&#8212;&#8212;&#8212;&#8212;&#8212;&#8212;&#8212;&#8212;&#8212;&#8212;&#8212;&#8212;&#8212;&#8212;&#8212;&#8212;&#8212;&#8212;&#8212;&#8212;&#8212;&#8212;&#8212;&#8212;<br \/><strong>REGISTRO EN PLATAFORMA<\/strong><br \/>El proceso de registro podr\u00e1 hacerlo a partir del 09\/09\/2024 en la p\u00e1gina de intecap:<br \/><a href=\"http:\/\/www.intecap.edu.gt\">www.intecap.edu.gt<\/a>\u00a0 o <a href=\"http:\/\/www.alumnos.intecap.edu.gt\">www.alumnos.intecap.edu.gt<\/a>\u00a0<br \/>Acceso portales Web Participantes\u00a0y subir de manera clara y legible la siguiente informaci\u00f3n al portal:<\/p>\n<p><strong>Documento de identificaci\u00f3n:<\/strong><\/h5>\n<h5>Para menores de edad:<br \/>Fotocopia de certificado de nacimiento de ambos lados vigente, extendido por RENAP. (6 meses de vigencia tiene este documento)<\/h5>\n<h5>Para mayores de edad:<br \/>Fotocopia completa de DPI vigente, con ampliaci\u00f3n al 200% en una sola imagen, (en el caso de no contar con dicho documento presentar certificaci\u00f3n del RENAP)<\/h5>\n<h5><strong>Constancia de estudios:<\/strong><\/h5>\n<h5>Si cuenta con el diploma o certificado del \u00faltimo grado cursado tambi\u00e9n deber\u00e1 subirlo al portal o bien puede subir de manera provisional una constancia que acredite que est\u00e1 cursando el grado requisito de la especialidad.<\/h5>\n<h5>Los documentos deben estar grabados en una memoria USB o en su dispositivo para poder subirlos; de preferencia utilizar la aplicaci\u00f3n CAMSCANNER.<\/h5>\n<h5>Pago de Q 15.00 de derecho a examen de admisi\u00f3n. <br \/>(En l\u00ednea por medio de tarjeta de cr\u00e9dito o d\u00e9bito de Banco Industrial o Banrural o en su defecto con boleta impresa desde su portal)<\/h5>\n<p>[\/et_pb_text][\/et_pb_column][\/et_pb_row][\/et_pb_section]<\/p>\n","protected":false},"excerpt":{"rendered":"<p>T\u00e9cnico en Electr\u00f3nica Industrial Aprenda a proveer el&#8230;<\/p>\n","protected":false},"author":1,"featured_media":0,"parent":0,"menu_order":0,"comment_status":"closed","ping_status":"closed","template":"","meta":{"_et_pb_use_builder":"on","_et_pb_old_content":"","_et_gb_content_width":"","_monsterinsights_skip_tracking":false,"_monsterinsights_sitenote_active":false,"_monsterinsights_sitenote_note":"","_monsterinsights_sitenote_category":0,"footnotes":""},"class_list":["post-1315","page","type-page","status-publish","hentry"],"_links":{"self":[{"href":"https:\/\/www.intecap.edu.gt\/centros\/centroescuintla1\/wp-json\/wp\/v2\/pages\/1315","targetHints":{"allow":["GET"]}}],"collection":[{"href":"https:\/\/www.intecap.edu.gt\/centros\/centroescuintla1\/wp-json\/wp\/v2\/pages"}],"about":[{"href":"https:\/\/www.intecap.edu.gt\/centros\/centroescuintla1\/wp-json\/wp\/v2\/types\/page"}],"author":[{"embeddable":true,"href":"https:\/\/www.intecap.edu.gt\/centros\/centroescuintla1\/wp-json\/wp\/v2\/users\/1"}],"replies":[{"embeddable":true,"href":"https:\/\/www.intecap.edu.gt\/centros\/centroescuintla1\/wp-json\/wp\/v2\/comments?post=1315"}],"version-history":[{"count":10,"href":"https:\/\/www.intecap.edu.gt\/centros\/centroescuintla1\/wp-json\/wp\/v2\/pages\/1315\/revisions"}],"predecessor-version":[{"id":1905,"href":"https:\/\/www.intecap.edu.gt\/centros\/centroescuintla1\/wp-json\/wp\/v2\/pages\/1315\/revisions\/1905"}],"wp:attachment":[{"href":"https:\/\/www.intecap.edu.gt\/centros\/centroescuintla1\/wp-json\/wp\/v2\/media?parent=1315"}],"curies":[{"name":"wp","href":"https:\/\/api.w.org\/{rel}","templated":true}]}}

Especialidad Electricidad y Electrónica

<p>[et_pb_section fb_built=&#8221;1&#8243; _builder_version=&#8221;4.16&#8243; custom_padding=&#8221;17px||46px|||&#8221; global_colors_info=&#8221;{}&#8221;][et_pb_row _builder_version=&#8221;4.16&#8243; global_colors_info=&#8221;{}&#8221;][et_pb_column type=&#8221;4_4&#8243; _builder_version=&#8221;4.16&#8243; global_colors_info=&#8221;{}&#8221;][et_pb_post_title meta=&#8221;off&#8221; featured_image=&#8221;off&#8221; _builder_version=&#8221;4.16&#8243; title_font=&#8221;|800||on|||||&#8221; title_font_size=&#8221;35px&#8221; text_orientation=&#8221;center&#8221; global_colors_info=&#8221;{}&#8221;][/et_pb_post_title][/et_pb_column][/et_pb_row][et_pb_row _builder_version=&#8221;4.16&#8243; global_colors_info=&#8221;{}&#8221;][et_pb_column type=&#8221;4_4&#8243; _builder_version=&#8221;4.16&#8243; global_colors_info=&#8221;{}&#8221;][et_pb_accordion open_toggle_text_color=&#8221;#000000&#8243; open_toggle_background_color=&#8221;rgba(0,0,0,0)&#8221; closed_toggle_background_color=&#8221;#242424&#8243; icon_color=&#8221;#FFFFFF&#8221; use_icon_font_size=&#8221;on&#8221; _builder_version=&#8221;4.27.0&#8243; toggle_text_color=&#8221;#FFFFFF&#8221; toggle_level=&#8221;h2&#8243; closed_toggle_font=&#8221;Poppins||||||||&#8221; closed_toggle_font_size=&#8221;25px&#8221; closed_toggle_line_height=&#8221;1em&#8221; background_color=&#8221;rgba(0,0,0,0)&#8221; hover_enabled=&#8221;0&#8243; border_radii=&#8221;on|15px|15px|15px|15px&#8221; global_colors_info=&#8221;{}&#8221; sticky_enabled=&#8221;0&#8243;][et_pb_accordion_item open=&#8221;on&#8221; _builder_version=&#8221;4.16&#8243; custom_css_main_element=&#8221;display:none&#8221; global_colors_info=&#8221;{}&#8221;][/et_pb_accordion_item][et_pb_accordion_item title=&#8221;Técnico en Electrónica Industrial&#8221; _builder_version=&#8221;4.27.0&#8243; body_font=&#8221;||||||||&#8221; global_colors_info=&#8221;{}&#8221; open=&#8221;off&#8221;]</p>
<h4 style="text-align: justify;">Aprenda a proveer el mantenimiento de accionamientos eléctricos, circuitos electrónicos básicos, circuitos de potencia y sistemas automatizados, así como programar sistemas de microcontroladores y PLC, con base en requerimientos o problemas presentados; aplicando procedimientos y buenas prácticas; además, demostrando conductas positivas en las actividades laborales.</h4>
<h4>Duración: 3 años<br />Requisitos: <br />Edad: 15 a 22 años<br />Escolaridad: 3º. Grado de educación básica aprobado <br />Inscripción Q. 75.00<br />Mensualidad Q.175.00</h4>
<p>&nbsp;</p>
<h4></h4>
<p>[/et_pb_accordion_item][et_pb_accordion_item title=&#8221;Perito en Electricidad Industrial&#8221; _builder_version=&#8221;4.27.0&#8243; body_font=&#8221;||||||||&#8221; global_colors_info=&#8221;{}&#8221; open=&#8221;off&#8221;]</p>
<h4 style="text-align: justify;">Dirigido a<br />Adolescentes y adultos interesados en formarse en una ocupación como Técnico de nivel medio que posean conocimientos, destrezas innatas y habilidades mínimas para la misma, con disponibilidad de tiempo para asistir 20 horas por semana a Centros de Capacitación del INTECAP en función del régimen de la carrera, desarrollar actividades de aprendizaje por cuenta propia, con base en la estrategia de formación por proyectos y realizar prácticas ocupacionales al finalizar la formación, que a la vez estén interesados en cursar la educación académica como perito en una especialidad, en la cual estará dispuesto a cursar en jornada doble dichas carreras.</h4>
<h4></h4>
<h4>Duración: 3 años<br />Horario: 7:30 a 15:30<br />Requisitos:<br />Edad: 15 a 18 años<br />Escolaridad: 3º. Grado de educación básica aprobado<br />Inscripción Q.100.00<br />Mensualidad Q. 250.00</h4>
<p>&nbsp;</p>
<p>[/et_pb_accordion_item][et_pb_accordion_item title=&#8221;Automatización Industrial&#8221; _builder_version=&#8221;4.27.0&#8243; body_font=&#8221;||||||||&#8221; hover_enabled=&#8221;0&#8243; global_colors_info=&#8221;{}&#8221; open=&#8221;off&#8221; sticky_enabled=&#8221;0&#8243;]</p>
<h4>Aprende a programar procesos secuenciales mediante la utilización de funciones lógicas, software y la utilización de sensores y actuadores, controlar señales analógicas mediante procesamiento de variables y su escalado, comunicar PLC´s mediante la utilización de redes de comunicación industrial, así como controlar procesos continuos aplicando procedimientos y buenas prácticas demostrando conductas positivas en las actividades laborales.</h4>
<h4><strong></strong></h4>
<h4>Días: Domingo de 7:30 a 16:30 horas<br />Duración: 1 año<br />Inscripción Q75.00<br />Mensual Q100.00</h4>
<h4>Requisitos:<br />Edad: 18 años en adelante<br />Escolaridad: Bachiller, perito o técnico en electricidad, electromecánica, electrónica, mantenimiento industrial o mecatrónica.<br />Experiencia: Un año de experiencia afín a la especialidad.<br />Otros: Conocimientos básicos de electricidad, electrónica y neumática, así como software de programación.</h4>
<p>[/et_pb_accordion_item][/et_pb_accordion][/et_pb_column][/et_pb_row][/et_pb_section][et_pb_section fb_built=&#8221;1&#8243; _builder_version=&#8221;4.16&#8243; custom_padding=&#8221;21px||2px|||&#8221; global_colors_info=&#8221;{}&#8221;][et_pb_row _builder_version=&#8221;4.16&#8243; global_colors_info=&#8221;{}&#8221;][et_pb_column type=&#8221;4_4&#8243; _builder_version=&#8221;4.16&#8243; global_colors_info=&#8221;{}&#8221;][et_pb_text _builder_version=&#8221;4.27.0&#8243; global_colors_info=&#8221;{}&#8221;]</p>
<h5><strong>Tres opciones diferentes para poder realizar una cita para las conferencias de información de las carreras del Centro INTECAP Escuintla 1</strong></h5>
<h5>Opción 1) Llamar a los teléfonos 77903232 o 77903206<br />Opción 2) Escribir a los correos: mirma.rosales@intecap.edu.gt o bien oneida.mendez@intecap.edu.gt<br />Opción 3) Puede asistir personalmente al Centro de Capacitación Escuintla 1 ubicado en: 4ta. Calle y 16 avenida, zona 5, Col. Hunapú, Escuintla.</h5>
<h5>&#8212;&#8212;&#8212;&#8212;&#8212;&#8212;&#8212;&#8212;&#8212;&#8212;&#8212;&#8212;&#8212;&#8212;&#8212;&#8212;&#8212;&#8212;&#8212;&#8212;&#8212;&#8212;&#8212;&#8212;&#8212;&#8212;&#8212;&#8212;&#8212;&#8212;&#8212;&#8212;&#8212;&#8212;&#8212;&#8212;&#8212;&#8212;&#8212;&#8212;&#8212;&#8212;&#8212;&#8212;&#8212;&#8212;&#8212;<br /><strong>REGISTRO EN PLATAFORMA</strong><br />El proceso de registro podrá hacerlo a partir del 09/09/2024 en la página de intecap:<br /><a href="http://www.intecap.edu.gt">www.intecap.edu.gt</a>  o <a href="http://www.alumnos.intecap.edu.gt">www.alumnos.intecap.edu.gt</a> <br />Acceso portales Web Participantes y subir de manera clara y legible la siguiente información al portal:</p>
<p><strong>Documento de identificación:</strong></h5>
<h5>Para menores de edad:<br />Fotocopia de certificado de nacimiento de ambos lados vigente, extendido por RENAP. (6 meses de vigencia tiene este documento)</h5>
<h5>Para mayores de edad:<br />Fotocopia completa de DPI vigente, con ampliación al 200% en una sola imagen, (en el caso de no contar con dicho documento presentar certificación del RENAP)</h5>
<h5><strong>Constancia de estudios:</strong></h5>
<h5>Si cuenta con el diploma o certificado del último grado cursado también deberá subirlo al portal o bien puede subir de manera provisional una constancia que acredite que está cursando el grado requisito de la especialidad.</h5>
<h5>Los documentos deben estar grabados en una memoria USB o en su dispositivo para poder subirlos; de preferencia utilizar la aplicación CAMSCANNER.</h5>
<h5>Pago de Q 15.00 de derecho a examen de admisión. <br />(En línea por medio de tarjeta de crédito o débito de Banco Industrial o Banrural o en su defecto con boleta impresa desde su portal)</h5>
<p>[/et_pb_text][/et_pb_column][/et_pb_row][/et_pb_section]</p>

<p>Técnico en Electrónica Industrial Aprenda a proveer el&#8230;</p>
